CRAN Package Check Results for Package randquotes

Last updated on 2021-06-17 03:51:09 CEST.

Flavor Version Tinstall Tcheck Ttotal Status Flags
r-devel-linux-x86_64-debian-clang 0.1.1 1.68 24.53 26.21 OK
r-devel-linux-x86_64-debian-gcc 0.1.1 1.42 19.34 20.76 OK
r-devel-linux-x86_64-fedora-clang 0.1.1 41.17 NOTE
r-devel-linux-x86_64-fedora-gcc 0.1.1 30.28 NOTE
r-devel-windows-x86_64 0.1.1 4.00 40.00 44.00 OK
r-devel-windows-x86_64-gcc10-UCRT 0.1.1 NOTE
r-patched-linux-x86_64 0.1.1 1.97 23.61 25.58 OK
r-patched-solaris-x86 0.1.1 49.40 NOTE
r-release-linux-x86_64 0.1.1 1.98 23.59 25.57 OK
r-release-macos-arm64 0.1.1 NOTE
r-release-macos-x86_64 0.1.1 NOTE
r-release-windows-ix86+x86_64 0.1.1 5.00 40.00 45.00 OK
r-oldrel-macos-x86_64 0.1.1 NOTE
r-oldrel-windows-ix86+x86_64 0.1.1 4.00 47.00 51.00 OK

Check Details

Version: 0.1.1
Check: dependencies in R code
Result: NOTE
    Namespaces in Imports field not imported from:
     ‘curl’ ‘jsonlite’
     All declared Imports should be used.
Flavors: r-devel-linux-x86_64-fedora-clang, r-devel-linux-x86_64-fedora-gcc, r-devel-windows-x86_64-gcc10-UCRT, r-patched-solaris-x86, r-release-macos-arm64, r-release-macos-x86_64, r-oldrel-macos-x86_64