CRAN Package Check Results for Package randquotes

Last updated on 2022-01-20 07:53:07 CET.

Flavor Version Tinstall Tcheck Ttotal Status Flags
r-devel-linux-x86_64-debian-clang 0.1.1 OK
r-devel-linux-x86_64-debian-gcc 0.1.1 1.59 25.66 27.25 OK
r-devel-linux-x86_64-fedora-clang 0.1.1 42.97 NOTE
r-devel-linux-x86_64-fedora-gcc 0.1.1 31.42 NOTE
r-devel-windows-x86_64-new-UL 0.1.1 21.00 57.00 78.00 OK
r-devel-windows-x86_64-new-TK 0.1.1 NOTE
r-patched-linux-x86_64 0.1.1 1.79 31.19 32.98 OK
r-release-linux-x86_64 0.1.1 1.29 31.55 32.84 OK
r-release-macos-arm64 0.1.1 NOTE
r-release-macos-x86_64 0.1.1 NOTE
r-release-windows-ix86+x86_64 0.1.1 6.00 39.00 45.00 OK
r-oldrel-macos-x86_64 0.1.1 NOTE
r-oldrel-windows-ix86+x86_64 0.1.1 6.00 40.00 46.00 OK

Check Details

Version: 0.1.1
Check: dependencies in R code
Result: NOTE
    Namespaces in Imports field not imported from:
     ‘curl’ ‘jsonlite’
     All declared Imports should be used.
Flavors: r-devel-linux-x86_64-fedora-clang, r-devel-linux-x86_64-fedora-gcc, r-devel-windows-x86_64-new-TK, r-release-macos-arm64, r-release-macos-x86_64, r-oldrel-macos-x86_64