CRAN Package Check Results for Package randomizeR

Last updated on 2021-06-12 23:49:17 CEST.

Flavor Version Tinstall Tcheck Ttotal Status Flags
r-devel-linux-x86_64-debian-clang 2.0.0 26.01 205.42 231.43 NOTE
r-devel-linux-x86_64-debian-gcc 2.0.0 19.46 154.58 174.04 NOTE
r-devel-linux-x86_64-fedora-clang 2.0.0 280.22 NOTE
r-devel-linux-x86_64-fedora-gcc 2.0.0 272.03 NOTE
r-devel-windows-x86_64 2.0.0 40.00 221.00 261.00 NOTE
r-devel-windows-x86_64-gcc10-UCRT 2.0.0 NOTE
r-patched-linux-x86_64 2.0.0 24.36 196.56 220.92 NOTE
r-patched-solaris-x86 2.0.0 363.90 NOTE
r-release-linux-x86_64 2.0.0 22.56 195.12 217.68 NOTE
r-release-macos-arm64 2.0.0 NOTE
r-release-macos-x86_64 2.0.0 NOTE
r-release-windows-ix86+x86_64 2.0.0 49.00 212.00 261.00 NOTE
r-oldrel-macos-x86_64 2.0.0 OK
r-oldrel-windows-ix86+x86_64 2.0.0 47.00 225.00 272.00 OK

Check Details

Version: 2.0.0
Check: LazyData
Result: NOTE
     'LazyData' is specified without a 'data' directory
Flavors: r-devel-linux-x86_64-debian-clang, r-devel-linux-x86_64-debian-gcc, r-devel-linux-x86_64-fedora-clang, r-devel-linux-x86_64-fedora-gcc, r-devel-windows-x86_64, r-devel-windows-x86_64-gcc10-UCRT, r-patched-linux-x86_64, r-patched-solaris-x86, r-release-linux-x86_64, r-release-macos-arm64, r-release-macos-x86_64, r-release-windows-ix86+x86_64