CRAN Package Check Results for Package randNames

Last updated on 2021-06-17 03:51:09 CEST.

Flavor Version Tinstall Tcheck Ttotal Status Flags
r-devel-linux-x86_64-debian-clang 0.2.3 3.06 33.93 36.99 NOTE
r-devel-linux-x86_64-debian-gcc 0.2.3 2.33 26.49 28.82 NOTE
r-devel-linux-x86_64-fedora-clang 0.2.3 53.87 NOTE
r-devel-linux-x86_64-fedora-gcc 0.2.3 41.98 NOTE
r-devel-windows-x86_64 0.2.3 5.00 51.00 56.00 NOTE
r-devel-windows-x86_64-gcc10-UCRT 0.2.3 NOTE
r-patched-linux-x86_64 0.2.3 2.66 32.29 34.95 NOTE
r-patched-solaris-x86 0.2.3 66.60 NOTE
r-release-linux-x86_64 0.2.3 2.95 32.22 35.17 NOTE
r-release-macos-arm64 0.2.3 NOTE
r-release-macos-x86_64 0.2.3 NOTE
r-release-windows-ix86+x86_64 0.2.3 8.00 52.00 60.00 NOTE
r-oldrel-macos-x86_64 0.2.3 OK
r-oldrel-windows-ix86+x86_64 0.2.3 6.00 57.00 63.00 OK

Check Details

Version: 0.2.3
Check: LazyData
Result: NOTE
     'LazyData' is specified without a 'data' directory
Flavors: r-devel-linux-x86_64-debian-clang, r-devel-linux-x86_64-debian-gcc, r-devel-linux-x86_64-fedora-clang, r-devel-linux-x86_64-fedora-gcc, r-devel-windows-x86_64, r-devel-windows-x86_64-gcc10-UCRT, r-patched-linux-x86_64, r-patched-solaris-x86, r-release-linux-x86_64, r-release-macos-arm64, r-release-macos-x86_64, r-release-windows-ix86+x86_64