Last updated on 2021-02-25 11:47:34 CET.
Flavor | Version | Tinstall | Tcheck | Ttotal | Status | Flags |
---|---|---|---|---|---|---|
r-devel-linux-x86_64-debian-clang | 0.3.4 | 84.74 | 196.94 | 281.68 | OK | |
r-devel-linux-x86_64-debian-gcc | 0.3.4 | 63.71 | 143.06 | 206.77 | OK | |
r-devel-linux-x86_64-fedora-clang | 0.3.4 | 359.30 | NOTE | |||
r-devel-linux-x86_64-fedora-gcc | 0.3.4 | 360.57 | NOTE | |||
r-devel-windows-ix86+x86_64 | 0.3.4 | 133.00 | 246.00 | 379.00 | OK | |
r-patched-linux-x86_64 | 0.3.4 | 54.69 | 179.84 | 234.53 | OK | |
r-patched-solaris-x86 | 0.3.4 | 396.70 | NOTE | |||
r-release-linux-x86_64 | 0.3.4 | 54.72 | 179.38 | 234.10 | OK | |
r-release-macos-x86_64 | 0.3.4 | NOTE | ||||
r-release-windows-ix86+x86_64 | 0.3.4 | 185.00 | 346.00 | 531.00 | OK | |
r-oldrel-macos-x86_64 | 0.3.4 | NOTE | ||||
r-oldrel-windows-ix86+x86_64 | 0.3.4 | 120.00 | 277.00 | 397.00 | OK |
Version: 0.3.4
Check: installed package size
Result: NOTE
installed size is 9.5Mb
sub-directories of 1Mb or more:
libs 8.8Mb
Flavors: r-devel-linux-x86_64-fedora-clang, r-release-macos-x86_64, r-oldrel-macos-x86_64
Version: 0.3.4
Check: dependencies in R code
Result: NOTE
Namespaces in Imports field not imported from:
‘Biobase’ ‘CGHbase’
All declared Imports should be used.
Flavors: r-devel-linux-x86_64-fedora-clang, r-devel-linux-x86_64-fedora-gcc, r-patched-solaris-x86, r-release-macos-x86_64, r-oldrel-macos-x86_64
Version: 0.3.4
Check: Rd cross-references
Result: NOTE
Undeclared packages ‘longitudinal’, ‘gRbase’ in Rd xrefs
Flavor: r-devel-linux-x86_64-fedora-clang