CRAN Package Check Results for Package rags2ridges

Last updated on 2021-04-13 07:47:54 CEST.

Flavor Version Tinstall Tcheck Ttotal Status Flags
r-devel-linux-x86_64-debian-clang 2.2.4 61.98 254.14 316.12 OK
r-devel-linux-x86_64-debian-gcc 2.2.4 48.13 184.78 232.91 OK
r-devel-linux-x86_64-fedora-clang 2.2.4 333.89 NOTE
r-devel-linux-x86_64-fedora-gcc 2.2.4 310.02 OK
r-devel-windows-ix86+x86_64 2.2.4 147.00 415.00 562.00 OK
r-devel-windows-x86_64-gcc10-UCRT 2.2.4 ERROR
r-patched-linux-x86_64 2.2.4 59.23 236.56 295.79 OK
r-patched-solaris-x86 2.2.4 476.20 OK
r-release-linux-x86_64 2.2.4 57.78 233.58 291.36 OK
r-release-macos-x86_64 2.2.4 NOTE
r-release-windows-ix86+x86_64 2.2.4 141.00 482.00 623.00 OK
r-oldrel-macos-x86_64 2.2.4 NOTE
r-oldrel-windows-ix86+x86_64 2.2.4 87.00 326.00 413.00 OK

Check Details

Version: 2.2.4
Check: installed package size
Result: NOTE
     installed size is 5.6Mb
     sub-directories of 1Mb or more:
     libs 4.4Mb
Flavors: r-devel-linux-x86_64-fedora-clang, r-release-macos-x86_64, r-oldrel-macos-x86_64

Version: 2.2.4
Check: package dependencies
Result: ERROR
    Package required but not available: 'gRbase'
    
    See section 'The DESCRIPTION file' in the 'Writing R Extensions'
    manual.
Flavor: r-devel-windows-x86_64-gcc10-UCRT

Version: 2.2.4
Check: package dependencies
Result: NOTE
    Package suggested but not available for checking: ‘KEGGgraph’
Flavor: r-release-macos-x86_64