CRAN Package Check Results for Package rags2ridges

Last updated on 2021-11-28 15:48:51 CET.

Flavor Version Tinstall Tcheck Ttotal Status Flags
r-devel-linux-x86_64-debian-clang 2.2.5 OK
r-devel-linux-x86_64-debian-gcc 2.2.5 46.23 200.08 246.31 OK
r-devel-linux-x86_64-fedora-clang 2.2.5 402.21 OK
r-devel-linux-x86_64-fedora-gcc 2.2.5 388.63 OK
r-devel-windows-x86_64-new-UL 2.2.5 91.00 353.00 444.00 OK
r-devel-windows-x86_64-new-TK 2.2.5 OK
r-devel-windows-x86_64-old 2.2.5 65.00 324.00 389.00 OK
r-patched-linux-x86_64 2.2.5 64.70 243.48 308.18 OK
r-patched-solaris-x86 2.2.5 438.30 OK
r-release-linux-x86_64 2.2.5 55.86 244.18 300.04 OK
r-release-macos-arm64 2.2.5 NOTE
r-release-macos-x86_64 2.2.5 NOTE
r-release-windows-ix86+x86_64 2.2.5 145.00 328.00 473.00 OK
r-oldrel-macos-x86_64 2.2.5 NOTE
r-oldrel-windows-ix86+x86_64 2.2.5 131.00 463.00 594.00 OK

Check Details

Version: 2.2.5
Check: installed package size
Result: NOTE
     installed size is 7.0Mb
     sub-directories of 1Mb or more:
     libs 5.7Mb
Flavors: r-release-macos-arm64, r-release-macos-x86_64, r-oldrel-macos-x86_64

Version: 2.2.5
Check: package dependencies
Result: NOTE
    Package suggested but not available for checking: ‘KEGGgraph’
Flavors: r-release-macos-x86_64, r-oldrel-macos-x86_64