Last updated on 2021-02-26 15:51:02 CET.
Flavor | Version | Tinstall | Tcheck | Ttotal | Status | Flags |
---|---|---|---|---|---|---|
r-devel-linux-x86_64-debian-clang | 1.1.1 | 82.68 | 271.21 | 353.89 | OK | |
r-devel-linux-x86_64-debian-gcc | 1.1.1 | 52.99 | 234.90 | 287.89 | OK | |
r-devel-linux-x86_64-fedora-clang | 1.1.1 | 445.37 | NOTE | |||
r-devel-linux-x86_64-fedora-gcc | 1.1.1 | 465.94 | NOTE | |||
r-devel-windows-ix86+x86_64 | 1.1.1 | 146.00 | 302.00 | 448.00 | OK | |
r-patched-linux-x86_64 | 1.1.1 | 62.17 | 264.45 | 326.62 | OK | |
r-patched-solaris-x86 | 1.1.1 | 589.00 | NOTE | |||
r-release-linux-x86_64 | 1.1.1 | 63.02 | 267.80 | 330.82 | OK | |
r-release-macos-x86_64 | 1.1.1 | NOTE | ||||
r-release-windows-ix86+x86_64 | 1.1.1 | 192.00 | 367.00 | 559.00 | OK | |
r-oldrel-macos-x86_64 | 1.1.1 | NOTE | ||||
r-oldrel-windows-ix86+x86_64 | 1.1.1 | 122.00 | 318.00 | 440.00 | OK |
Version: 1.1.1
Check: dependencies in R code
Result: NOTE
Namespaces in Imports field not imported from:
‘comat’ ‘rgdal’
All declared Imports should be used.
Flavors: r-devel-linux-x86_64-fedora-clang, r-devel-linux-x86_64-fedora-gcc, r-patched-solaris-x86, r-release-macos-x86_64, r-oldrel-macos-x86_64