CRAN Package Check Results for Package rabi

Last updated on 2022-12-04 23:53:42 CET.

Flavor Version Tinstall Tcheck Ttotal Status Flags
r-devel-linux-x86_64-debian-clang 1.0.2 4.46 53.77 58.23 NOTE
r-devel-linux-x86_64-debian-gcc 1.0.2 3.81 55.25 59.06 NOTE
r-devel-linux-x86_64-fedora-clang 1.0.2 80.73 NOTE
r-devel-linux-x86_64-fedora-gcc 1.0.2 88.28 NOTE
r-devel-windows-x86_64 1.0.2 16.00 77.00 93.00 NOTE
r-patched-linux-x86_64 1.0.2 4.52 53.97 58.49 NOTE
r-release-linux-x86_64 1.0.2 4.89 50.68 55.57 NOTE
r-release-macos-arm64 1.0.2 24.00 NOTE
r-release-macos-x86_64 1.0.2 41.00 NOTE
r-release-windows-x86_64 1.0.2 13.00 94.00 107.00 NOTE
r-oldrel-macos-arm64 1.0.2 24.00 NOTE
r-oldrel-macos-x86_64 1.0.2 34.00 NOTE
r-oldrel-windows-ix86+x86_64 1.0.2 13.00 78.00 91.00 NOTE

Check Details

Version: 1.0.2
Check: LazyData
Result: NOTE
     'LazyData' is specified without a 'data' directory
Flavors: r-devel-linux-x86_64-debian-clang, r-devel-linux-x86_64-debian-gcc, r-devel-linux-x86_64-fedora-clang, r-devel-linux-x86_64-fedora-gcc, r-devel-windows-x86_64, r-patched-linux-x86_64, r-release-linux-x86_64, r-release-macos-arm64, r-release-macos-x86_64, r-release-windows-x86_64, r-oldrel-macos-arm64, r-oldrel-macos-x86_64, r-oldrel-windows-ix86+x86_64