CRAN Package Check Results for Package rUM

Last updated on 2021-12-09 07:50:24 CET.

Flavor Version Tinstall Tcheck Ttotal Status Flags
r-devel-linux-x86_64-debian-clang 0.3.1 8.18 80.08 88.26 OK
r-devel-linux-x86_64-debian-gcc 0.3.1 7.29 60.60 67.89 OK
r-devel-linux-x86_64-fedora-clang 0.3.1 113.35 NOTE
r-devel-linux-x86_64-fedora-gcc 0.3.1 95.73 NOTE
r-devel-windows-x86_64-new-UL 0.3.1 17.00 115.00 132.00 OK
r-devel-windows-x86_64-new-TK 0.3.1 NOTE
r-devel-windows-x86_64-old 0.3.1 14.00 77.00 91.00 OK
r-patched-linux-x86_64 0.3.1 8.23 74.10 82.33 OK
r-release-linux-x86_64 0.3.1 8.65 75.00 83.65 OK
r-release-macos-arm64 0.3.1 NOTE
r-release-macos-x86_64 0.3.1 NOTE
r-release-windows-ix86+x86_64 0.3.1 17.00 94.00 111.00 OK
r-oldrel-macos-x86_64 0.3.1 NOTE
r-oldrel-windows-ix86+x86_64 0.3.1 22.00 102.00 124.00 OK

Check Details

Version: 0.3.1
Check: dependencies in R code
Result: NOTE
    Namespaces in Imports field not imported from:
     ‘bookdown’ ‘rmarkdown’ ‘table1’
     All declared Imports should be used.
Flavors: r-devel-linux-x86_64-fedora-clang, r-devel-linux-x86_64-fedora-gcc, r-devel-windows-x86_64-new-TK, r-release-macos-arm64, r-release-macos-x86_64, r-oldrel-macos-x86_64