CRAN Package Check Results for Package rSPDE

Last updated on 2021-06-13 19:49:46 CEST.

Flavor Version Tinstall Tcheck Ttotal Status Flags
r-devel-linux-x86_64-debian-clang 0.6.2 7.20 75.57 82.77 NOTE
r-devel-linux-x86_64-debian-gcc 0.6.2 6.69 58.14 64.83 NOTE
r-devel-linux-x86_64-fedora-clang 0.6.2 107.87 OK
r-devel-linux-x86_64-fedora-gcc 0.6.2 99.50 OK
r-devel-windows-x86_64 0.6.2 14.00 103.00 117.00 OK
r-devel-windows-x86_64-gcc10-UCRT 0.6.2 NOTE
r-patched-linux-x86_64 0.6.2 7.76 72.80 80.56 NOTE
r-patched-solaris-x86 0.6.2 144.70 NOTE
r-release-linux-x86_64 0.6.2 7.27 72.20 79.47 NOTE
r-release-macos-arm64 0.6.2 NOTE
r-release-macos-x86_64 0.6.2 NOTE
r-release-windows-ix86+x86_64 0.6.2 14.00 106.00 120.00 OK
r-oldrel-macos-x86_64 0.6.2 NOTE
r-oldrel-windows-ix86+x86_64 0.6.2 12.00 101.00 113.00 OK

Check Details

Version: 0.6.2
Check: package dependencies
Result: NOTE
    Package suggested but not available for checking: 'INLA'
Flavors: r-devel-linux-x86_64-debian-clang, r-devel-linux-x86_64-debian-gcc, r-devel-windows-x86_64-gcc10-UCRT, r-patched-linux-x86_64, r-patched-solaris-x86, r-release-linux-x86_64, r-release-macos-x86_64, r-oldrel-macos-x86_64

Version: 0.6.2
Check: package dependencies
Result: NOTE
    Packages suggested but not available for checking: 'INLA', 'rgdal'
Flavor: r-release-macos-arm64