CRAN Package Check Results for Package rNeighborQTL

Last updated on 2024-05-21 08:56:28 CEST.

Flavor Version Tinstall Tcheck Ttotal Status Flags
r-devel-linux-x86_64-debian-clang 1.1.2 10.97 155.94 166.91 NOTE
r-devel-linux-x86_64-debian-gcc 1.1.2 7.64 117.08 124.72 NOTE
r-devel-linux-x86_64-fedora-clang 1.1.2 217.61 NOTE
r-devel-linux-x86_64-fedora-gcc 1.1.2 209.07 NOTE
r-devel-windows-x86_64 1.1.2 9.00 143.00 152.00 NOTE
r-patched-linux-x86_64 1.1.2 7.61 150.08 157.69 NOTE
r-release-linux-x86_64 1.1.2 8.34 145.15 153.49 NOTE
r-release-macos-arm64 1.1.2 68.00 NOTE
r-release-windows-x86_64 1.1.2 9.00 139.00 148.00 NOTE
r-oldrel-macos-arm64 1.1.2 84.00 OK
r-oldrel-macos-x86_64 1.1.2 152.00 OK
r-oldrel-windows-x86_64 1.1.2 11.00 164.00 175.00 OK

Check Details

Version: 1.1.2
Check: Rd files
Result: NOTE checkRd: (-1) calc_pve.Rd:41: Lost braces in \itemize; \value handles \item{}{} directly checkRd: (-1) calc_pve.Rd:42: Lost braces in \itemize; \value handles \item{}{} directly checkRd: (-1) calc_pve.Rd:43: Lost braces in \itemize; \value handles \item{}{} directly checkRd: (-1) calc_pve.Rd:44: Lost braces in \itemize; \value handles \item{}{} directly checkRd: (-1) decompose_genoprobs.Rd:17: Lost braces in \itemize; \value handles \item{}{} directly checkRd: (-1) decompose_genoprobs.Rd:18: Lost braces in \itemize; \value handles \item{}{} directly checkRd: (-1) decompose_genoprobs.Rd:19: Lost braces in \itemize; \value handles \item{}{} directly checkRd: (-1) eff_neighbor.Rd:44: Lost braces in \itemize; \value handles \item{}{} directly checkRd: (-1) eff_neighbor.Rd:45: Lost braces in \itemize; \value handles \item{}{} directly checkRd: (-1) eff_neighbor.Rd:46: Lost braces in \itemize; \value handles \item{}{} directly checkRd: (-1) eff_neighbor.Rd:47: Lost braces in \itemize; \value handles \item{}{} directly checkRd: (-1) eff_neighbor.Rd:48: Lost braces in \itemize; \value handles \item{}{} directly checkRd: (-1) eff_neighbor.Rd:49: Lost braces in \itemize; \value handles \item{}{} directly checkRd: (-1) int_neighbor.Rd:44: Lost braces in \itemize; \value handles \item{}{} directly checkRd: (-1) int_neighbor.Rd:45: Lost braces in \itemize; \value handles \item{}{} directly checkRd: (-1) int_neighbor.Rd:46: Lost braces in \itemize; \value handles \item{}{} directly checkRd: (-1) scan_neighbor.Rd:41: Lost braces in \itemize; \value handles \item{}{} directly checkRd: (-1) scan_neighbor.Rd:42: Lost braces in \itemize; \value handles \item{}{} directly checkRd: (-1) scan_neighbor.Rd:43: Lost braces in \itemize; \value handles \item{}{} directly checkRd: (-1) scan_neighbor.Rd:44: Lost braces in \itemize; \value handles \item{}{} directly checkRd: (-1) sim_nei_qtl.Rd:38: Lost braces in \itemize; \value handles \item{}{} directly checkRd: (-1) sim_nei_qtl.Rd:39: Lost braces in \itemize; \value handles \item{}{} directly checkRd: (-1) sim_nei_qtl.Rd:40: Lost braces in \itemize; \value handles \item{}{} directly Flavors: r-devel-linux-x86_64-debian-clang, r-devel-linux-x86_64-debian-gcc, r-devel-linux-x86_64-fedora-clang, r-devel-linux-x86_64-fedora-gcc, r-devel-windows-x86_64, r-patched-linux-x86_64, r-release-linux-x86_64, r-release-macos-arm64, r-release-windows-x86_64

Version: 1.1.2
Check: dependencies in R code
Result: NOTE Namespace in Imports field not imported from: ‘qtl’ All declared Imports should be used. Flavors: r-devel-linux-x86_64-fedora-clang, r-devel-linux-x86_64-fedora-gcc