CRAN Package Check Results for Package rModeling

Last updated on 2021-06-12 23:49:18 CEST.

Flavor Version Tinstall Tcheck Ttotal Status Flags
r-devel-linux-x86_64-debian-clang 0.0.3 2.48 32.22 34.70 OK
r-devel-linux-x86_64-debian-gcc 0.0.3 1.88 25.57 27.45 OK
r-devel-linux-x86_64-fedora-clang 0.0.3 51.14 NOTE
r-devel-linux-x86_64-fedora-gcc 0.0.3 41.38 NOTE
r-devel-windows-x86_64 0.0.3 6.00 57.00 63.00 OK
r-devel-windows-x86_64-gcc10-UCRT 0.0.3 NOTE
r-patched-linux-x86_64 0.0.3 2.60 30.83 33.43 OK
r-patched-solaris-x86 0.0.3 61.00 NOTE
r-release-linux-x86_64 0.0.3 2.39 31.45 33.84 OK
r-release-macos-arm64 0.0.3 NOTE
r-release-macos-x86_64 0.0.3 NOTE
r-release-windows-ix86+x86_64 0.0.3 7.00 53.00 60.00 OK
r-oldrel-macos-x86_64 0.0.3 NOTE
r-oldrel-windows-ix86+x86_64 0.0.3 7.00 56.00 63.00 OK

Check Details

Version: 0.0.3
Check: dependencies in R code
Result: NOTE
    Namespace in Imports field not imported from: ‘e1071’
     All declared Imports should be used.
Flavors: r-devel-linux-x86_64-fedora-clang, r-devel-linux-x86_64-fedora-gcc, r-devel-windows-x86_64-gcc10-UCRT, r-patched-solaris-x86, r-release-macos-arm64, r-release-macos-x86_64, r-oldrel-macos-x86_64