CRAN Package Check Results for Package rKIN

Last updated on 2021-06-15 07:49:18 CEST.

Flavor Version Tinstall Tcheck Ttotal Status Flags
r-devel-linux-x86_64-debian-clang 0.1 6.76 70.95 77.71 NOTE
r-devel-linux-x86_64-debian-gcc 0.1 4.37 54.10 58.47 NOTE
r-devel-linux-x86_64-fedora-clang 0.1 99.12 OK
r-devel-linux-x86_64-fedora-gcc 0.1 89.06 OK
r-devel-windows-x86_64 0.1 16.00 139.00 155.00 NOTE
r-devel-windows-x86_64-gcc10-UCRT 0.1 OK
r-patched-linux-x86_64 0.1 6.70 66.90 73.60 NOTE
r-patched-solaris-x86 0.1 136.50 OK
r-release-linux-x86_64 0.1 6.16 66.26 72.42 NOTE
r-release-macos-arm64 0.1 OK
r-release-macos-x86_64 0.1 OK
r-release-windows-ix86+x86_64 0.1 25.00 146.00 171.00 NOTE
r-oldrel-macos-x86_64 0.1 OK
r-oldrel-windows-ix86+x86_64 0.1 31.00 157.00 188.00 NOTE

Check Details

Version: 0.1
Check: package vignettes
Result: NOTE
    Package vignette with placeholder title 'Vignette Title':
     'rKIN_Introduction.Rmd'
Flavors: r-devel-linux-x86_64-debian-clang, r-devel-linux-x86_64-debian-gcc, r-devel-windows-x86_64, r-patched-linux-x86_64, r-release-linux-x86_64, r-release-windows-ix86+x86_64, r-oldrel-windows-ix86+x86_64