CRAN Package Check Results for Package rIsing

Last updated on 2024-07-24 15:51:47 CEST.

Flavor Version Tinstall Tcheck Ttotal Status Flags
r-devel-linux-x86_64-debian-clang 0.1.0 35.50 32.40 67.90 NOTE
r-devel-linux-x86_64-debian-gcc 0.1.0 25.71 25.75 51.46 NOTE
r-devel-linux-x86_64-fedora-clang 0.1.0 104.18 NOTE
r-devel-linux-x86_64-fedora-gcc 0.1.0 96.71 NOTE
r-devel-windows-x86_64 0.1.0 30.00 63.00 93.00 NOTE
r-patched-linux-x86_64 0.1.0 32.90 33.16 66.06 NOTE
r-release-linux-x86_64 0.1.0 33.77 33.21 66.98 NOTE
r-release-macos-arm64 0.1.0 26.00 NOTE
r-release-macos-x86_64 0.1.0 46.00 NOTE
r-release-windows-x86_64 0.1.0 32.00 61.00 93.00 NOTE
r-oldrel-macos-arm64 0.1.0 31.00 NOTE
r-oldrel-macos-x86_64 0.1.0 45.00 NOTE
r-oldrel-windows-x86_64 0.1.0 34.00 78.00 112.00 NOTE

Check Details

Version: 0.1.0
Check: LazyData
Result: NOTE 'LazyData' is specified without a 'data' directory Flavors: r-devel-linux-x86_64-debian-clang, r-devel-linux-x86_64-debian-gcc, r-devel-linux-x86_64-fedora-clang, r-devel-linux-x86_64-fedora-gcc, r-devel-windows-x86_64, r-patched-linux-x86_64, r-release-linux-x86_64, r-release-macos-arm64, r-release-macos-x86_64, r-release-windows-x86_64, r-oldrel-macos-arm64, r-oldrel-macos-x86_64, r-oldrel-windows-x86_64

Version: 0.1.0
Check: compiled code
Result: NOTE File ‘rIsing/libs/rIsing.so’: Found no calls to: ‘R_registerRoutines’, ‘R_useDynamicSymbols’ It is good practice to register native routines and to disable symbol search. See ‘Writing portable packages’ in the ‘Writing R Extensions’ manual. Flavors: r-devel-linux-x86_64-fedora-clang, r-devel-linux-x86_64-fedora-gcc

Version: 0.1.0
Check: installed package size
Result: NOTE installed size is 13.1Mb sub-directories of 1Mb or more: libs 13.0Mb Flavors: r-release-macos-arm64, r-release-macos-x86_64, r-oldrel-macos-arm64, r-oldrel-macos-x86_64