CRAN Package Check Results for Package rFerns

Last updated on 2024-06-13 12:49:57 CEST.

Flavor Version Tinstall Tcheck Ttotal Status Flags
r-devel-linux-x86_64-debian-clang 5.0.0 4.26 24.08 28.34 OK
r-devel-linux-x86_64-debian-gcc 5.0.0 3.61 18.98 22.59 NOTE
r-devel-linux-x86_64-fedora-clang 5.0.0 36.66 OK
r-devel-linux-x86_64-fedora-gcc 5.0.0 35.35 OK
r-devel-windows-x86_64 5.0.0 6.00 45.00 51.00 OK
r-patched-linux-x86_64 5.0.0 4.56 23.46 28.02 OK
r-release-linux-x86_64 5.0.0 4.27 23.81 28.08 OK
r-release-macos-arm64 5.0.0 16.00 OK
r-release-macos-x86_64 5.0.0 25.00 OK
r-release-windows-x86_64 5.0.0 6.00 45.00 51.00 OK
r-oldrel-macos-arm64 5.0.0 16.00 OK
r-oldrel-macos-x86_64 5.0.0 20.00 OK
r-oldrel-windows-x86_64 5.0.0 8.00 47.00 55.00 OK

Check Details

Version: 5.0.0
Check: package dependencies
Result: NOTE Package suggested but not available for checking: ‘testthat’ Flavor: r-devel-linux-x86_64-debian-gcc