Last updated on 2022-05-20 07:49:29 CEST.
Flavor | Version | Tinstall | Tcheck | Ttotal | Status | Flags |
---|---|---|---|---|---|---|
r-devel-linux-x86_64-debian-clang | 1.1.0 | 7.22 | 94.31 | 101.53 | OK | |
r-devel-linux-x86_64-debian-gcc | 1.1.0 | 5.41 | 72.48 | 77.89 | OK | |
r-devel-linux-x86_64-fedora-clang | 1.1.0 | 121.40 | OK | |||
r-devel-linux-x86_64-fedora-gcc | 1.1.0 | 118.77 | OK | |||
r-devel-windows-x86_64 | 1.1.0 | 46.00 | 159.00 | 205.00 | OK | |
r-patched-linux-x86_64 | 1.1.0 | 5.66 | 90.09 | 95.75 | OK | |
r-release-linux-x86_64 | 1.1.0 | 5.84 | 89.59 | 95.43 | OK | |
r-release-macos-arm64 | 1.1.0 | 47.00 | NOTE | |||
r-release-macos-x86_64 | 1.1.0 | 66.00 | OK | |||
r-release-windows-x86_64 | 1.1.0 | 51.00 | 165.00 | 216.00 | OK | |
r-oldrel-macos-arm64 | 1.1.0 | 50.00 | OK | |||
r-oldrel-macos-x86_64 | 1.1.0 | 71.00 | OK | |||
r-oldrel-windows-ix86+x86_64 | 1.1.0 | 17.00 | 150.00 | 167.00 | OK |
Version: 1.1.0
Check: package dependencies
Result: NOTE
Packages suggested but not available for checking: 'graph', 'Rgraphviz'
Flavor: r-release-macos-arm64