CRAN Package Check Results for Package rChoiceDialogs

Last updated on 2021-06-16 19:49:57 CEST.

Flavor Version Tinstall Tcheck Ttotal Status Flags
r-devel-linux-x86_64-debian-clang 1.0.6 4.04 41.49 45.53 NOTE
r-devel-linux-x86_64-debian-gcc 1.0.6 2.61 32.10 34.71 NOTE
r-devel-linux-x86_64-fedora-clang 1.0.6 65.61 NOTE
r-devel-linux-x86_64-fedora-gcc 1.0.6 56.84 NOTE
r-devel-windows-x86_64 1.0.6 6.00 64.00 70.00 NOTE
r-devel-windows-x86_64-gcc10-UCRT 1.0.6 NOTE
r-patched-linux-x86_64 1.0.6 3.58 40.07 43.65 NOTE
r-patched-solaris-x86 1.0.6 78.50 NOTE
r-release-linux-x86_64 1.0.6 3.44 40.21 43.65 NOTE
r-release-macos-arm64 1.0.6 ERROR
r-release-macos-x86_64 1.0.6 NOTE
r-release-windows-ix86+x86_64 1.0.6 7.00 51.00 58.00 NOTE
r-oldrel-macos-x86_64 1.0.6 NOTE
r-oldrel-windows-ix86+x86_64 1.0.6 7.00 46.00 53.00 NOTE

Check Details

Version: 1.0.6
Check: DESCRIPTION meta-information
Result: NOTE
    Malformed Description field: should contain one or more complete sentences.
Flavors: r-devel-linux-x86_64-debian-clang, r-devel-linux-x86_64-debian-gcc, r-devel-linux-x86_64-fedora-clang, r-devel-linux-x86_64-fedora-gcc, r-devel-windows-x86_64, r-devel-windows-x86_64-gcc10-UCRT, r-patched-linux-x86_64, r-patched-solaris-x86, r-release-linux-x86_64, r-release-macos-x86_64, r-release-windows-ix86+x86_64, r-oldrel-macos-x86_64, r-oldrel-windows-ix86+x86_64

Version: 1.0.6
Check: R code for possible problems
Result: NOTE
    .onAttach: no visible global function definition for
     'packageDescription'
    rselect.list: no visible global function definition for 'select.list'
    Undefined global functions or variables:
     packageDescription select.list
    Consider adding
     importFrom("utils", "packageDescription", "select.list")
    to your NAMESPACE file.
Flavors: r-devel-linux-x86_64-debian-clang, r-devel-linux-x86_64-debian-gcc, r-devel-linux-x86_64-fedora-clang, r-devel-linux-x86_64-fedora-gcc, r-devel-windows-x86_64, r-devel-windows-x86_64-gcc10-UCRT, r-patched-linux-x86_64, r-patched-solaris-x86, r-release-linux-x86_64, r-release-macos-x86_64, r-release-windows-ix86+x86_64, r-oldrel-macos-x86_64, r-oldrel-windows-ix86+x86_64

Version: 1.0.6
Check: whether package can be installed
Result: ERROR
    Installation failed.
Flavor: r-release-macos-arm64