CRAN Package Check Results for Package rBDAT

Last updated on 2021-11-27 19:49:45 CET.

Flavor Version Tinstall Tcheck Ttotal Status Flags
r-devel-linux-x86_64-debian-clang 0.9.8 NOTE
r-devel-linux-x86_64-debian-gcc 0.9.8 4.75 26.03 30.78 NOTE
r-devel-linux-x86_64-fedora-clang 0.9.8 60.21 NOTE
r-devel-linux-x86_64-fedora-gcc 0.9.8 49.09 NOTE
r-devel-windows-x86_64-new-UL 0.9.8 23.00 86.00 109.00 NOTE
r-devel-windows-x86_64-new-TK 0.9.8 NOTE
r-devel-windows-x86_64-old 0.9.8 9.00 56.00 65.00 NOTE
r-patched-linux-x86_64 0.9.8 6.25 31.83 38.08 NOTE
r-patched-solaris-x86 0.9.8 67.20 NOTE
r-release-linux-x86_64 0.9.8 NOTE
r-release-macos-arm64 0.9.8 NOTE
r-release-macos-x86_64 0.9.8 NOTE
r-release-windows-ix86+x86_64 0.9.8 19.00 52.00 71.00 NOTE
r-oldrel-macos-x86_64 0.9.8 OK
r-oldrel-windows-ix86+x86_64 0.9.8 16.00 63.00 79.00 OK

Check Details

Version: 0.9.8
Check: LazyData
Result: NOTE
     'LazyData' is specified without a 'data' directory
Flavors: r-devel-linux-x86_64-debian-clang, r-devel-linux-x86_64-debian-gcc, r-devel-linux-x86_64-fedora-clang, r-devel-linux-x86_64-fedora-gcc, r-devel-windows-x86_64-new-UL, r-devel-windows-x86_64-new-TK, r-devel-windows-x86_64-old, r-patched-linux-x86_64, r-patched-solaris-x86, r-release-linux-x86_64, r-release-macos-arm64, r-release-macos-x86_64, r-release-windows-ix86+x86_64