CRAN Package Check Results for Package r2pmml

Last updated on 2021-06-12 23:49:17 CEST.

Flavor Version Tinstall Tcheck Ttotal Status Flags
r-devel-linux-x86_64-debian-clang 0.26.0 2.56 27.28 29.84 OK
r-devel-linux-x86_64-debian-gcc 0.26.0 2.23 21.88 24.11 OK
r-devel-linux-x86_64-fedora-clang 0.26.0 45.42 OK
r-devel-linux-x86_64-fedora-gcc 0.26.0 35.48 OK
r-devel-windows-x86_64 0.26.0 5.00 46.00 51.00 OK
r-devel-windows-x86_64-gcc10-UCRT 0.26.0 OK
r-patched-linux-x86_64 0.26.0 3.14 26.67 29.81 OK
r-patched-solaris-x86 0.26.0 55.90 NOTE
r-release-linux-x86_64 0.26.0 2.50 26.26 28.76 OK
r-release-macos-arm64 0.26.0 OK
r-release-macos-x86_64 0.26.0 OK
r-release-windows-ix86+x86_64 0.26.0 5.00 47.00 52.00 OK
r-oldrel-macos-x86_64 0.26.0 OK
r-oldrel-windows-ix86+x86_64 0.26.0 4.00 49.00 53.00 OK

Check Details

Version: 0.26.0
Check: installed package size
Result: NOTE
     installed size is 5.0Mb
     sub-directories of 1Mb or more:
     java 4.9Mb
Flavor: r-patched-solaris-x86