CRAN Package Check Results for Package r2glmm

Last updated on 2024-05-25 19:54:30 CEST.

Flavor Version Tinstall Tcheck Ttotal Status Flags
r-devel-linux-x86_64-debian-clang 0.1.2 3.87 43.79 47.66 NOTE
r-devel-linux-x86_64-debian-gcc 0.1.2 2.79 33.02 35.81 NOTE
r-devel-linux-x86_64-fedora-clang 0.1.2 63.94 NOTE
r-devel-linux-x86_64-fedora-gcc 0.1.2 56.54 NOTE
r-devel-windows-x86_64 0.1.2 4.00 54.00 58.00 NOTE
r-patched-linux-x86_64 0.1.2 11.16 42.86 54.02 NOTE
r-release-linux-x86_64 0.1.2 3.47 43.45 46.92 NOTE
r-release-macos-arm64 0.1.2 24.00 NOTE
r-release-windows-x86_64 0.1.2 5.00 55.00 60.00 NOTE
r-oldrel-macos-arm64 0.1.2 23.00 NOTE
r-oldrel-macos-x86_64 0.1.2 33.00 NOTE
r-oldrel-windows-x86_64 0.1.2 5.00 61.00 66.00 NOTE

Check Details

Version: 0.1.2
Check: LazyData
Result: NOTE 'LazyData' is specified without a 'data' directory Flavors: r-devel-linux-x86_64-debian-clang, r-devel-linux-x86_64-debian-gcc, r-devel-linux-x86_64-fedora-clang, r-devel-linux-x86_64-fedora-gcc, r-devel-windows-x86_64, r-patched-linux-x86_64, r-release-linux-x86_64, r-release-macos-arm64, r-release-windows-x86_64, r-oldrel-macos-arm64, r-oldrel-macos-x86_64, r-oldrel-windows-x86_64

Version: 0.1.2
Check: dependencies in R code
Result: NOTE Namespaces in Imports field not imported from: ‘data.table’ ‘dplyr’ ‘lmerTest’ All declared Imports should be used. Flavors: r-devel-linux-x86_64-fedora-clang, r-devel-linux-x86_64-fedora-gcc