CRAN Package Check Results for Package quickReg

Last updated on 2021-03-06 03:54:50 CET.

Flavor Version Tinstall Tcheck Ttotal Status Flags
r-devel-linux-x86_64-debian-clang 1.5.0 6.43 81.11 87.54 OK
r-devel-linux-x86_64-debian-gcc 1.5.0 3.92 59.96 63.88 OK
r-devel-linux-x86_64-fedora-clang 1.5.0 111.03 NOTE
r-devel-linux-x86_64-fedora-gcc 1.5.0 97.98 NOTE
r-devel-windows-ix86+x86_64 1.5.0 14.00 103.00 117.00 OK
r-patched-linux-x86_64 1.5.0 OK
r-patched-solaris-x86 1.5.0 136.80 NOTE
r-release-linux-x86_64 1.5.0 5.37 74.90 80.27 OK
r-release-macos-x86_64 1.5.0 NOTE
r-release-windows-ix86+x86_64 1.5.0 12.00 77.00 89.00 OK
r-oldrel-macos-x86_64 1.5.0 NOTE
r-oldrel-windows-ix86+x86_64 1.5.0 8.00 71.00 79.00 OK

Check Details

Version: 1.5.0
Check: dependencies in R code
Result: NOTE
    Namespace in Imports field not imported from: ‘psych’
     All declared Imports should be used.
Flavors: r-devel-linux-x86_64-fedora-clang, r-devel-linux-x86_64-fedora-gcc, r-patched-solaris-x86, r-release-macos-x86_64, r-oldrel-macos-x86_64

Version: 1.5.0
Check: Rd cross-references
Result: NOTE
    Undeclared package ‘PredictABEL’ in Rd xrefs
Flavor: r-devel-linux-x86_64-fedora-clang