CRAN Package Check Results for Package quantmod

Last updated on 2021-01-22 11:50:24 CET.

Flavor Version Tinstall Tcheck Ttotal Status Flags
r-devel-linux-x86_64-debian-clang 0.4.18 19.01 88.73 107.74 NOTE
r-devel-linux-x86_64-debian-gcc 0.4.18 13.87 67.14 81.01 NOTE
r-devel-linux-x86_64-fedora-clang 0.4.18 135.51 OK
r-devel-linux-x86_64-fedora-gcc 0.4.18 127.44 OK
r-devel-windows-ix86+x86_64 0.4.18 30.00 76.00 106.00 OK
r-patched-linux-x86_64 0.4.18 12.50 81.06 93.56 NOTE
r-patched-solaris-x86 0.4.18 151.60 OK
r-release-linux-x86_64 0.4.18 14.43 82.36 96.79 NOTE
r-release-macos-x86_64 0.4.18 OK
r-release-windows-ix86+x86_64 0.4.18 35.00 111.00 146.00 OK
r-oldrel-macos-x86_64 0.4.18 OK
r-oldrel-windows-ix86+x86_64 0.4.18 18.00 69.00 87.00 OK

Check Details

Version: 0.4.18
Check: R code for possible problems
Result: NOTE
    Found the following calls to attach():
    File 'quantmod/R/attachSymbols.R':
     attach(NULL, pos = pos, name = DB$name)
     attach(NULL, pos = pos, name = DB$name)
    See section 'Good practice' in '?attach'.
Flavors: r-devel-linux-x86_64-debian-clang, r-devel-linux-x86_64-debian-gcc, r-patched-linux-x86_64, r-release-linux-x86_64