Last updated on 2021-03-08 19:51:18 CET.
Flavor | Version | Tinstall | Tcheck | Ttotal | Status | Flags |
---|---|---|---|---|---|---|
r-devel-linux-x86_64-debian-clang | 0.2.0 | 2.10 | 33.64 | 35.74 | OK | |
r-devel-linux-x86_64-debian-gcc | 0.2.0 | 1.48 | 25.93 | 27.41 | OK | |
r-devel-linux-x86_64-fedora-clang | 0.2.0 | 52.36 | OK | |||
r-devel-linux-x86_64-fedora-gcc | 0.2.0 | 42.01 | OK | |||
r-devel-windows-ix86+x86_64 | 0.2.0 | 5.00 | 48.00 | 53.00 | OK | |
r-devel-windows-x86_64-gcc10-UCRT | 0.2.0 | OK | ||||
r-patched-linux-x86_64 | 0.2.0 | 1.80 | 31.75 | 33.55 | OK | |
r-patched-solaris-x86 | 0.2.0 | 51.30 | WARN | |||
r-release-linux-x86_64 | 0.2.0 | 1.64 | 32.04 | 33.68 | OK | |
r-release-macos-x86_64 | 0.2.0 | WARN | ||||
r-release-windows-ix86+x86_64 | 0.2.0 | 4.00 | 50.00 | 54.00 | OK | |
r-oldrel-macos-x86_64 | 0.2.0 | WARN | ||||
r-oldrel-windows-ix86+x86_64 | 0.2.0 | 4.00 | 39.00 | 43.00 | OK |
Version: 0.2.0
Check: re-building of vignette outputs
Result: WARN
Error(s) in re-building vignettes:
...
--- re-building ‘wilcox1973.Rmd’ using rmarkdown
Warning in engine$weave(file, quiet = quiet, encoding = enc) :
Pandoc (>= 1.12.3) and/or pandoc-citeproc not available. Falling back to R Markdown v1.
Quitting from lines 92-106 (wilcox1973.Rmd)
Error: processing vignette 'wilcox1973.Rmd' failed with diagnostics:
there is no package called 'webshot'
--- failed re-building ‘wilcox1973.Rmd’
SUMMARY: processing the following file failed:
‘wilcox1973.Rmd’
Error: Vignette re-building failed.
Execution halted
Flavor: r-patched-solaris-x86
Version: 0.2.0
Check: re-building of vignette outputs
Result: WARN
Error(s) in re-building vignettes:
...
--- re-building ‘wilcox1973.Rmd’ using rmarkdown
Warning in engine$weave(file, quiet = quiet, encoding = enc) :
Pandoc (>= 1.12.3) and/or pandoc-citeproc not available. Falling back to R Markdown v1.
Quitting from lines 92-106 (wilcox1973.Rmd)
Error: processing vignette 'wilcox1973.Rmd' failed with diagnostics:
cannot open the connection
--- failed re-building ‘wilcox1973.Rmd’
SUMMARY: processing the following file failed:
‘wilcox1973.Rmd’
Error: Vignette re-building failed.
Execution halted
Flavors: r-release-macos-x86_64, r-oldrel-macos-x86_64