Last updated on 2022-05-18 03:53:46 CEST.
Flavor | Version | Tinstall | Tcheck | Ttotal | Status | Flags |
---|---|---|---|---|---|---|
r-devel-linux-x86_64-debian-clang | 0.1.9 | 124.01 | 379.52 | 503.53 | WARN | |
r-devel-linux-x86_64-debian-gcc | 0.1.9 | 100.59 | 280.47 | 381.06 | OK | |
r-devel-linux-x86_64-fedora-clang | 0.1.9 | 627.11 | WARN | |||
r-devel-linux-x86_64-fedora-gcc | 0.1.9 | 602.75 | OK | |||
r-devel-windows-x86_64 | 0.1.9 | 160.00 | 416.00 | 576.00 | OK | |
r-patched-linux-x86_64 | 0.1.9 | 113.66 | 368.45 | 482.11 | OK | |
r-release-linux-x86_64 | 0.1.9 | 102.92 | 368.32 | 471.24 | OK | |
r-release-macos-arm64 | 0.1.9 | 138.00 | NOTE | |||
r-release-macos-x86_64 | 0.1.9 | 194.00 | NOTE | |||
r-release-windows-x86_64 | 0.1.9 | 192.00 | 417.00 | 609.00 | OK | |
r-oldrel-macos-arm64 | 0.1.9 | 141.00 | NOTE | |||
r-oldrel-macos-x86_64 | 0.1.9 | 193.00 | NOTE | |||
r-oldrel-windows-ix86+x86_64 | 0.1.9 | 279.00 | 583.00 | 862.00 | NOTE |
Version: 0.1.9
Check: whether package can be installed
Result: WARN
Found the following significant warnings:
Quadtree.cpp:298:9: warning: use of bitwise '|' with boolean operands [-Wbitwise-instead-of-logical]
Flavors: r-devel-linux-x86_64-debian-clang, r-devel-linux-x86_64-fedora-clang
Version: 0.1.9
Check: installed package size
Result: NOTE
installed size is 8.7Mb
sub-directories of 1Mb or more:
doc 1.7Mb
libs 6.0Mb
Flavors: r-devel-linux-x86_64-fedora-clang, r-release-macos-arm64, r-release-macos-x86_64, r-oldrel-macos-arm64, r-oldrel-macos-x86_64, r-oldrel-windows-ix86+x86_64