CRAN Package Check Results for Package qst

Last updated on 2024-07-20 08:49:50 CEST.

Flavor Version Tinstall Tcheck Ttotal Status Flags
r-devel-linux-x86_64-debian-clang 0.1.2 5.97 52.17 58.14 NOTE
r-devel-linux-x86_64-debian-gcc 0.1.2 4.78 39.02 43.80 NOTE
r-devel-linux-x86_64-fedora-clang 0.1.2 76.52 NOTE
r-devel-linux-x86_64-fedora-gcc 0.1.2 69.77 NOTE
r-devel-windows-x86_64 0.1.2 6.00 56.00 62.00 NOTE
r-patched-linux-x86_64 0.1.2 5.06 48.86 53.92 NOTE
r-release-linux-x86_64 0.1.2 3.85 48.73 52.58 NOTE
r-release-macos-arm64 0.1.2 25.00 NOTE
r-release-macos-x86_64 0.1.2 36.00 NOTE
r-release-windows-x86_64 0.1.2 6.00 56.00 62.00 NOTE
r-oldrel-macos-arm64 0.1.2 26.00 NOTE
r-oldrel-macos-x86_64 0.1.2 40.00 NOTE
r-oldrel-windows-x86_64 0.1.2 8.00 62.00 70.00 NOTE

Check Details

Version: 0.1.2
Check: LazyData
Result: NOTE 'LazyData' is specified without a 'data' directory Flavors: r-devel-linux-x86_64-debian-clang, r-devel-linux-x86_64-debian-gcc, r-devel-linux-x86_64-fedora-clang, r-devel-linux-x86_64-fedora-gcc, r-devel-windows-x86_64, r-patched-linux-x86_64, r-release-linux-x86_64, r-release-macos-arm64, r-release-macos-x86_64, r-release-windows-x86_64, r-oldrel-macos-arm64, r-oldrel-macos-x86_64, r-oldrel-windows-x86_64