CRAN Package Check Results for Package qrmdata

Last updated on 2021-01-26 15:49:54 CET.

Flavor Version Tinstall Tcheck Ttotal Status Flags
r-devel-linux-x86_64-debian-clang 2019-12-03-1 3.65 44.91 48.56 OK
r-devel-linux-x86_64-debian-gcc 2019-12-03-1 2.41 35.20 37.61 OK
r-devel-linux-x86_64-fedora-clang 2019-12-03-1 65.61 NOTE
r-devel-linux-x86_64-fedora-gcc 2019-12-03-1 56.41 OK
r-devel-windows-ix86+x86_64 2019-12-03-1 6.00 57.00 63.00 NOTE
r-patched-linux-x86_64 2019-12-03-1 3.01 43.47 46.48 OK
r-patched-solaris-x86 2019-12-03-1 92.30 NOTE
r-release-linux-x86_64 2019-12-03-1 3.07 43.27 46.34 OK
r-release-macos-x86_64 2019-12-03-1 NOTE
r-release-windows-ix86+x86_64 2019-12-03-1 7.00 49.00 56.00 NOTE
r-oldrel-macos-x86_64 2019-12-03-1 NOTE
r-oldrel-windows-ix86+x86_64 2019-12-03-1 5.00 66.00 71.00 NOTE

Check Details

Version: 2019-12-03-1
Check: installed package size
Result: NOTE
     installed size is 11.0Mb
     sub-directories of 1Mb or more:
     data 10.8Mb
Flavors: r-devel-linux-x86_64-fedora-clang, r-devel-windows-ix86+x86_64, r-patched-solaris-x86, r-release-macos-x86_64, r-release-windows-ix86+x86_64, r-oldrel-macos-x86_64, r-oldrel-windows-ix86+x86_64