CRAN Package Check Results for Package qrLMM

Last updated on 2021-02-24 19:48:15 CET.

Flavor Version Tinstall Tcheck Ttotal Status Flags
r-devel-linux-x86_64-debian-clang 2.1 12.75 96.16 108.91 OK
r-devel-linux-x86_64-debian-gcc 2.1 8.82 75.81 84.63 OK
r-devel-linux-x86_64-fedora-clang 2.1 144.54 NOTE
r-devel-linux-x86_64-fedora-gcc 2.1 132.86 OK
r-devel-windows-ix86+x86_64 2.1 19.00 84.00 103.00 OK
r-patched-linux-x86_64 2.1 12.42 91.47 103.89 OK
r-patched-solaris-x86 2.1 212.40 OK
r-release-linux-x86_64 2.1 10.97 91.76 102.73 OK
r-release-macos-x86_64 2.1 OK
r-release-windows-ix86+x86_64 2.1 25.00 125.00 150.00 OK
r-oldrel-macos-x86_64 2.1 WARN
r-oldrel-windows-ix86+x86_64 2.1 16.00 106.00 122.00 OK

Check Details

Version: 2.1
Check: Rd cross-references
Result: NOTE
    Undeclared package ‘qrNLMM’ in Rd xrefs
Flavor: r-devel-linux-x86_64-fedora-clang

Version: 2.1
Check: dependencies in R code
Result: NOTE
    No protocol specified
    No protocol specified
Flavor: r-oldrel-macos-x86_64

Version: 2.1
Check: S3 generic/method consistency
Result: WARN
    No protocol specified
    No protocol specified
    See section ‘Generic functions and methods’ in the ‘Writing R
    Extensions’ manual.
Flavor: r-oldrel-macos-x86_64

Version: 2.1
Check: replacement functions
Result: WARN
    No protocol specified
    No protocol specified
    The argument of a replacement function which corresponds to the right
    hand side must be named ‘value’.
Flavor: r-oldrel-macos-x86_64

Version: 2.1
Check: foreign function calls
Result: NOTE
    No protocol specified
    No protocol specified
    See chapter ‘System and foreign language interfaces’ in the ‘Writing R
    Extensions’ manual.
Flavor: r-oldrel-macos-x86_64

Version: 2.1
Check: R code for possible problems
Result: NOTE
    No protocol specified
    No protocol specified
Flavor: r-oldrel-macos-x86_64

Version: 2.1
Check: for missing documentation entries
Result: WARN
    No protocol specified
    No protocol specified
    All user-level objects in a package should have documentation entries.
    See chapter ‘Writing R documentation files’ in the ‘Writing R
    Extensions’ manual.
Flavor: r-oldrel-macos-x86_64

Version: 2.1
Check: for code/documentation mismatches
Result: WARN
    No protocol specified
    No protocol specified
    No protocol specified
    No protocol specified
    No protocol specified
    No protocol specified
Flavor: r-oldrel-macos-x86_64

Version: 2.1
Check: Rd \usage sections
Result: NOTE
    No protocol specified
    No protocol specified
    The \usage entries for S3 methods should use the \method markup and not
    their full name.
    See chapter ‘Writing R documentation files’ in the ‘Writing R
    Extensions’ manual.
Flavor: r-oldrel-macos-x86_64