CRAN Package Check Results for Package qqr

Last updated on 2021-02-24 19:48:15 CET.

Flavor Version Tinstall Tcheck Ttotal Status Flags
r-devel-linux-x86_64-debian-clang 0.0.1 8.34 78.73 87.07 OK
r-devel-linux-x86_64-debian-gcc 0.0.1 6.36 57.76 64.12 OK
r-devel-linux-x86_64-fedora-clang 0.0.1 113.08 NOTE
r-devel-linux-x86_64-fedora-gcc 0.0.1 99.93 NOTE
r-devel-windows-ix86+x86_64 0.0.1 16.00 83.00 99.00 OK
r-patched-linux-x86_64 0.0.1 8.42 72.41 80.83 OK
r-patched-solaris-x86 0.0.1 148.40 NOTE
r-release-linux-x86_64 0.0.1 7.81 71.62 79.43 OK
r-release-macos-x86_64 0.0.1 WARN
r-release-windows-ix86+x86_64 0.0.1 25.00 104.00 129.00 OK
r-oldrel-macos-x86_64 0.0.1 NOTE
r-oldrel-windows-ix86+x86_64 0.0.1 12.00 111.00 123.00 OK

Check Details

Version: 0.0.1
Check: data for non-ASCII characters
Result: NOTE
     Note: found 7 marked UTF-8 strings
Flavors: r-devel-linux-x86_64-fedora-clang, r-devel-linux-x86_64-fedora-gcc, r-patched-solaris-x86, r-release-macos-x86_64, r-oldrel-macos-x86_64

Version: 0.0.1
Check: re-building of vignette outputs
Result: WARN
    Error(s) in re-building vignettes:
    --- re-building ‘qqr_Package.Rmd’ using rmarkdown
    Warning in engine$weave(file, quiet = quiet, encoding = enc) :
     Pandoc (>= 1.12.3) and/or pandoc-citeproc not available. Falling back to R Markdown v1.
    Loading required package: xml2
    Loading required package: rvest
    Loading required package: tidyverse
    ── Attaching packages ─────────────────────────────────────── tidyverse 1.3.0 ──
    ✔ ggplot2 3.3.2 ✔ purrr 0.3.4
    ✔ tibble 3.0.4 ✔ dplyr 1.0.2
    ✔ tidyr 1.1.2 ✔ stringr 1.4.0
    ✔ readr 1.4.0 ✔ forcats 0.5.0
    ── Conflicts ────────────────────────────────────────── tidyverse_conflicts() ──
    ✖ dplyr::filter() masks stats::filter()
    ✖ readr::guess_encoding() masks rvest::guess_encoding()
    ✖ dplyr::lag() masks stats::lag()
    ✖ purrr::pluck() masks rvest::pluck()
    Quitting from lines 33-34 (qqr_Package.Rmd)
    Error: processing vignette 'qqr_Package.Rmd' failed with diagnostics:
    LibreSSL SSL_connect: SSL_ERROR_SYSCALL in connection to especiais.gazetadopovo.com.br:443
    --- failed re-building ‘qqr_Package.Rmd’
    
    SUMMARY: processing the following file failed:
     ‘qqr_Package.Rmd’
    
    Error: Vignette re-building failed.
    Execution halted
Flavor: r-release-macos-x86_64