CRAN Package Check Results for Package qlcMatrix

Last updated on 2021-06-16 15:50:04 CEST.

Flavor Version Tinstall Tcheck Ttotal Status Flags
r-devel-linux-x86_64-debian-clang 0.9.7 9.29 108.15 117.44 OK
r-devel-linux-x86_64-debian-gcc 0.9.7 7.85 83.75 91.60 OK
r-devel-linux-x86_64-fedora-clang 0.9.7 145.68 NOTE
r-devel-linux-x86_64-fedora-gcc 0.9.7 139.67 NOTE
r-devel-windows-x86_64 0.9.7 13.00 140.00 153.00 OK
r-devel-windows-x86_64-gcc10-UCRT 0.9.7 NOTE
r-patched-linux-x86_64 0.9.7 12.88 103.12 116.00 OK
r-patched-solaris-x86 0.9.7 210.70 NOTE
r-release-linux-x86_64 0.9.7 9.04 102.84 111.88 OK
r-release-macos-arm64 0.9.7 NOTE
r-release-macos-x86_64 0.9.7 NOTE
r-release-windows-ix86+x86_64 0.9.7 18.00 139.00 157.00 OK
r-oldrel-macos-x86_64 0.9.7 NOTE
r-oldrel-windows-ix86+x86_64 0.9.7 13.00 139.00 152.00 OK

Check Details

Version: 0.9.7
Check: data for non-ASCII characters
Result: NOTE
     Note: found 76102 marked UTF-8 strings
Flavors: r-devel-linux-x86_64-fedora-clang, r-devel-linux-x86_64-fedora-gcc, r-devel-windows-x86_64-gcc10-UCRT, r-patched-solaris-x86, r-release-macos-arm64, r-release-macos-x86_64, r-oldrel-macos-x86_64