CRAN Package Check Results for Package qlcMatrix

Last updated on 2021-04-12 03:48:50 CEST.

Flavor Version Tinstall Tcheck Ttotal Status Flags
r-devel-linux-x86_64-debian-clang 0.9.7 10.38 109.67 120.05 OK
r-devel-linux-x86_64-debian-gcc 0.9.7 7.37 82.95 90.32 OK
r-devel-linux-x86_64-fedora-clang 0.9.7 151.47 NOTE
r-devel-linux-x86_64-fedora-gcc 0.9.7 133.07 NOTE
r-devel-windows-ix86+x86_64 0.9.7 18.00 124.00 142.00 OK
r-devel-windows-x86_64-gcc10-UCRT 0.9.7 NOTE
r-patched-linux-x86_64 0.9.7 8.74 100.78 109.52 OK
r-patched-solaris-x86 0.9.7 220.10 NOTE
r-release-linux-x86_64 0.9.7 8.80 100.21 109.01 OK
r-release-macos-x86_64 0.9.7 NOTE
r-release-windows-ix86+x86_64 0.9.7 16.00 140.00 156.00 OK
r-oldrel-macos-x86_64 0.9.7 NOTE
r-oldrel-windows-ix86+x86_64 0.9.7 16.00 98.00 114.00 OK

Check Details

Version: 0.9.7
Check: data for non-ASCII characters
Result: NOTE
     Note: found 76102 marked UTF-8 strings
Flavors: r-devel-linux-x86_64-fedora-clang, r-devel-linux-x86_64-fedora-gcc, r-devel-windows-x86_64-gcc10-UCRT, r-patched-solaris-x86, r-release-macos-x86_64, r-oldrel-macos-x86_64