Last updated on 2021-03-06 07:53:27 CET.
Flavor | Version | Tinstall | Tcheck | Ttotal | Status | Flags |
---|---|---|---|---|---|---|
r-devel-linux-x86_64-debian-clang | 1.6.9 | 38.99 | 165.99 | 204.98 | OK | |
r-devel-linux-x86_64-debian-gcc | 1.6.9 | 30.92 | 124.78 | 155.70 | OK | |
r-devel-linux-x86_64-fedora-clang | 1.6.9 | 262.07 | NOTE | |||
r-devel-linux-x86_64-fedora-gcc | 1.6.9 | 241.36 | NOTE | |||
r-devel-windows-ix86+x86_64 | 1.6.9 | 86.00 | 190.00 | 276.00 | OK | |
r-patched-linux-x86_64 | 1.6.9 | OK | ||||
r-patched-solaris-x86 | 1.6.9 | 313.90 | NOTE | |||
r-release-linux-x86_64 | 1.6.9 | 33.37 | 150.11 | 183.48 | OK | |
r-release-macos-x86_64 | 1.6.9 | NOTE | ||||
r-release-windows-ix86+x86_64 | 1.6.9 | 67.00 | 187.00 | 254.00 | OK | |
r-oldrel-macos-x86_64 | 1.6.9 | NOTE | ||||
r-oldrel-windows-ix86+x86_64 | 1.6.9 | 52.00 | 169.00 | 221.00 | OK |
Version: 1.6.9
Check: dependencies in R code
Result: NOTE
Namespace in Imports field not imported from: ‘dplyr’
All declared Imports should be used.
Flavors: r-devel-linux-x86_64-fedora-clang, r-devel-linux-x86_64-fedora-gcc, r-patched-solaris-x86, r-release-macos-x86_64, r-oldrel-macos-x86_64