CRAN Package Check Results for Package qCBA

Last updated on 2021-06-15 19:53:03 CEST.

Flavor Version Tinstall Tcheck Ttotal Status Flags
r-devel-linux-x86_64-debian-clang 0.5.1 10.42 99.70 110.12 OK
r-devel-linux-x86_64-debian-gcc 0.5.1 8.82 75.09 83.91 OK
r-devel-linux-x86_64-fedora-clang 0.5.1 139.54 OK
r-devel-linux-x86_64-fedora-gcc 0.5.1 133.76 OK
r-devel-windows-x86_64 0.5.1 16.00 115.00 131.00 OK
r-devel-windows-x86_64-gcc10-UCRT 0.5.1 OK
r-patched-linux-x86_64 0.5.1 13.68 97.80 111.48 OK
r-release-linux-x86_64 0.5.1 10.72 94.84 105.56 OK
r-release-macos-arm64 0.5.1 ERROR
r-release-macos-x86_64 0.5.1 OK
r-release-windows-ix86+x86_64 0.5.1 25.00 117.00 142.00 OK
r-oldrel-macos-x86_64 0.5.1 OK
r-oldrel-windows-ix86+x86_64 0.5.1 20.00 114.00 134.00 OK

Check Details

Version: 0.5.1
Check: whether package can be installed
Result: ERROR
    Installation failed.
Flavor: r-release-macos-arm64