CRAN Package Check Results for Package pushbar

Last updated on 2021-06-19 23:49:29 CEST.

Flavor Version Tinstall Tcheck Ttotal Status Flags
r-devel-linux-x86_64-debian-clang 0.1.0 3.13 32.98 36.11 NOTE
r-devel-linux-x86_64-debian-gcc 0.1.0 2.46 26.10 28.56 NOTE
r-devel-linux-x86_64-fedora-clang 0.1.0 53.74 NOTE
r-devel-linux-x86_64-fedora-gcc 0.1.0 42.91 NOTE
r-devel-windows-x86_64 0.1.0 6.00 52.00 58.00 NOTE
r-devel-windows-x86_64-gcc10-UCRT 0.1.0 NOTE
r-patched-linux-x86_64 0.1.0 3.03 32.27 35.30 NOTE
r-patched-solaris-x86 0.1.0 67.10 NOTE
r-release-linux-x86_64 0.1.0 2.68 32.73 35.41 NOTE
r-release-macos-arm64 0.1.0 NOTE
r-release-macos-x86_64 0.1.0 NOTE
r-release-windows-ix86+x86_64 0.1.0 9.00 58.00 67.00 NOTE
r-oldrel-macos-x86_64 0.1.0 OK
r-oldrel-windows-ix86+x86_64 0.1.0 7.00 54.00 61.00 OK

Check Details

Version: 0.1.0
Check: LazyData
Result: NOTE
     'LazyData' is specified without a 'data' directory
Flavors: r-devel-linux-x86_64-debian-clang, r-devel-linux-x86_64-debian-gcc, r-devel-linux-x86_64-fedora-clang, r-devel-linux-x86_64-fedora-gcc, r-devel-windows-x86_64, r-devel-windows-x86_64-gcc10-UCRT, r-patched-linux-x86_64, r-patched-solaris-x86, r-release-linux-x86_64, r-release-macos-arm64, r-release-macos-x86_64, r-release-windows-ix86+x86_64