CRAN Package Check Results for Package purrr

Last updated on 2021-05-15 03:51:14 CEST.

Flavor Version Tinstall Tcheck Ttotal Status Flags
r-devel-linux-x86_64-debian-clang 0.3.4 7.59 52.03 59.62 NOTE
r-devel-linux-x86_64-debian-gcc 0.3.4 5.80 39.00 44.80 NOTE
r-devel-linux-x86_64-fedora-clang 0.3.4 78.56 NOTE
r-devel-linux-x86_64-fedora-gcc 0.3.4 69.22 NOTE
r-devel-windows-ix86+x86_64 0.3.4 21.00 71.00 92.00 NOTE
r-devel-windows-x86_64-gcc10-UCRT 0.3.4 NOTE
r-patched-linux-x86_64 0.3.4 8.13 50.04 58.17 NOTE
r-patched-solaris-x86 0.3.4 93.10 NOTE
r-release-linux-x86_64 0.3.4 5.62 48.17 53.79 OK
r-release-macos-x86_64 0.3.4 OK
r-release-windows-ix86+x86_64 0.3.4 18.00 101.00 119.00 OK
r-oldrel-macos-x86_64 0.3.4 OK
r-oldrel-windows-ix86+x86_64 0.3.4 14.00 99.00 113.00 OK

Check Details

Version: 0.3.4
Check: LazyData
Result: NOTE
     'LazyData' is specified without a 'data' directory
Flavors: r-devel-linux-x86_64-debian-clang, r-devel-linux-x86_64-debian-gcc, r-devel-linux-x86_64-fedora-clang, r-devel-linux-x86_64-fedora-gcc, r-devel-windows-ix86+x86_64, r-devel-windows-x86_64-gcc10-UCRT, r-patched-linux-x86_64, r-patched-solaris-x86

Version: 0.3.4
Check: Rd cross-references
Result: NOTE
    Undeclared packages ‘vctrs’, ‘httr’ in Rd xrefs
Flavor: r-devel-linux-x86_64-fedora-clang