Last updated on 2022-05-19 15:53:27 CEST.
Flavor | Version | Tinstall | Tcheck | Ttotal | Status | Flags |
---|---|---|---|---|---|---|
r-devel-linux-x86_64-debian-clang | 0.1.1 | 323.66 | 130.08 | 453.74 | NOTE | |
r-devel-linux-x86_64-debian-gcc | 0.1.1 | 295.13 | 110.23 | 405.36 | NOTE | |
r-devel-linux-x86_64-fedora-clang | 0.1.1 | 623.70 | NOTE | |||
r-devel-linux-x86_64-fedora-gcc | 0.1.1 | 657.94 | NOTE | |||
r-devel-windows-x86_64 | 0.1.1 | 224.00 | 189.00 | 413.00 | NOTE | |
r-patched-linux-x86_64 | 0.1.1 | 251.30 | 144.78 | 396.08 | NOTE | |
r-release-linux-x86_64 | 0.1.1 | 281.11 | 140.83 | 421.94 | NOTE | |
r-release-macos-arm64 | 0.1.1 | 148.00 | NOTE | |||
r-release-macos-x86_64 | 0.1.1 | 240.00 | NOTE | |||
r-release-windows-x86_64 | 0.1.1 | 225.00 | 195.00 | 420.00 | NOTE | |
r-oldrel-macos-arm64 | 0.1.1 | 173.00 | NOTE | |||
r-oldrel-macos-x86_64 | 0.1.1 | 240.00 | NOTE | |||
r-oldrel-windows-ix86+x86_64 | 0.1.1 | 52.00 | 11.00 | 63.00 | ERROR |
Version: 0.1.1
Check: for GNU extensions in Makefiles
Result: NOTE
GNU make is a SystemRequirements.
Flavors: r-devel-linux-x86_64-debian-clang, r-devel-linux-x86_64-debian-gcc, r-devel-linux-x86_64-fedora-clang, r-devel-linux-x86_64-fedora-gcc, r-devel-windows-x86_64, r-patched-linux-x86_64, r-release-linux-x86_64, r-release-macos-arm64, r-release-macos-x86_64, r-release-windows-x86_64, r-oldrel-macos-arm64, r-oldrel-macos-x86_64
Version: 0.1.1
Check: installed package size
Result: NOTE
installed size is 36.3Mb
sub-directories of 1Mb or more:
libs 35.9Mb
Flavors: r-devel-linux-x86_64-fedora-clang, r-release-macos-arm64, r-release-macos-x86_64, r-oldrel-macos-arm64, r-oldrel-macos-x86_64
Version: 0.1.1
Check: data for non-ASCII characters
Result: NOTE
Note: found 35 marked UTF-8 strings
Flavors: r-devel-linux-x86_64-fedora-clang, r-devel-linux-x86_64-fedora-gcc, r-release-macos-arm64, r-release-macos-x86_64, r-oldrel-macos-arm64, r-oldrel-macos-x86_64
Version: 0.1.1
Check: whether package can be installed
Result: ERROR
Installation failed.
Flavor: r-oldrel-windows-ix86+x86_64