Last updated on 2022-05-19 15:53:27 CEST.
Flavor | Version | Tinstall | Tcheck | Ttotal | Status | Flags |
---|---|---|---|---|---|---|
r-devel-linux-x86_64-debian-clang | 2021.1.0 | 300.80 | 484.06 | 784.86 | OK | |
r-devel-linux-x86_64-debian-gcc | 2021.1.0 | 238.89 | 299.47 | 538.36 | OK | |
r-devel-linux-x86_64-fedora-clang | 2021.1.0 | 1054.41 | NOTE | |||
r-devel-linux-x86_64-fedora-gcc | 2021.1.0 | 926.71 | OK | |||
r-devel-windows-x86_64 | 2021.1.0 | 251.00 | 539.00 | 790.00 | OK | |
r-patched-linux-x86_64 | 2021.1.0 | 254.72 | 406.37 | 661.09 | OK | |
r-release-linux-x86_64 | 2021.1.0 | 257.55 | 396.54 | 654.09 | OK | |
r-release-macos-arm64 | 2021.1.0 | 217.00 | NOTE | |||
r-release-macos-x86_64 | 2021.1.0 | 275.00 | NOTE | |||
r-release-windows-x86_64 | 2021.1.0 | 269.00 | 552.00 | 821.00 | OK | |
r-oldrel-macos-arm64 | 2021.1.0 | 204.00 | NOTE | |||
r-oldrel-macos-x86_64 | 2021.1.0 | 285.00 | NOTE | |||
r-oldrel-windows-ix86+x86_64 | 2021.1.0 | 761.00 | 604.00 | 1365.00 | OK |
Version: 2021.1.0
Check: installed package size
Result: NOTE
installed size is 6.0Mb
sub-directories of 1Mb or more:
libs 5.1Mb
Flavors: r-devel-linux-x86_64-fedora-clang, r-release-macos-arm64, r-release-macos-x86_64, r-oldrel-macos-arm64, r-oldrel-macos-x86_64