Last updated on 2022-07-03 19:50:04 CEST.
Flavor | Version | Tinstall | Tcheck | Ttotal | Status | Flags |
---|---|---|---|---|---|---|
r-devel-linux-x86_64-debian-clang | 2.2.5 | 49.83 | 369.95 | 419.78 | NOTE | |
r-devel-linux-x86_64-debian-gcc | 2.2.5 | 44.14 | 264.79 | 308.93 | NOTE | |
r-devel-linux-x86_64-fedora-clang | 2.2.5 | 512.35 | NOTE | |||
r-devel-linux-x86_64-fedora-gcc | 2.2.5 | 516.55 | NOTE | |||
r-devel-windows-x86_64 | 2.2.5 | 167.00 | 450.00 | 617.00 | NOTE | |
r-patched-linux-x86_64 | 2.2.5 | 61.77 | 343.77 | 405.54 | OK | |
r-release-linux-x86_64 | 2.2.5 | 56.38 | 338.32 | 394.70 | OK | |
r-release-macos-arm64 | 2.2.5 | 125.00 | OK | |||
r-release-macos-x86_64 | 2.2.5 | 180.00 | OK | |||
r-release-windows-x86_64 | 2.2.5 | 190.00 | 464.00 | 654.00 | OK | |
r-oldrel-macos-arm64 | 2.2.5 | 123.00 | OK | |||
r-oldrel-macos-x86_64 | 2.2.5 | 164.00 | OK | |||
r-oldrel-windows-ix86+x86_64 | 2.2.5 | 86.00 | 424.00 | 510.00 | OK |
Version: 2.2.5
Check: Rd files
Result: NOTE
checkRd: (-1) cor.plot.Rd:99: Escaped LaTeX specials: \&
checkRd: (-1) mediate.Rd:94: Escaped LaTeX specials: \&
checkRd: (-1) multilevel.reliability.Rd:120: Escaped LaTeX specials: \&
checkRd: (-1) testRetest.Rd:47: Escaped LaTeX specials: \&
Flavors: r-devel-linux-x86_64-debian-clang, r-devel-linux-x86_64-debian-gcc, r-devel-linux-x86_64-fedora-clang, r-devel-linux-x86_64-fedora-gcc, r-devel-windows-x86_64