CRAN Package Check Results for Package psych

Last updated on 2021-05-12 07:48:35 CEST.

Flavor Version Tinstall Tcheck Ttotal Status Flags
r-devel-linux-x86_64-debian-clang 2.1.3 55.63 334.31 389.94 OK
r-devel-linux-x86_64-debian-gcc 2.1.3 40.87 243.36 284.23 OK
r-devel-linux-x86_64-fedora-clang 2.1.3 468.13 OK
r-devel-linux-x86_64-fedora-gcc 2.1.3 458.31 OK
r-devel-windows-ix86+x86_64 2.1.3 59.00 251.00 310.00 ERROR
r-devel-windows-x86_64-gcc10-UCRT 2.1.3 NOTE
r-patched-linux-x86_64 2.1.3 57.46 319.38 376.84 OK
r-patched-solaris-x86 2.1.3 521.50 OK
r-release-linux-x86_64 2.1.3 49.49 297.42 346.91 OK
r-release-macos-x86_64 2.1.3 OK
r-release-windows-ix86+x86_64 2.1.3 54.00 278.00 332.00 OK
r-oldrel-macos-x86_64 2.1.3 OK
r-oldrel-windows-ix86+x86_64 2.1.3 77.00 277.00 354.00 OK

Check Details

Version: 2.1.3
Check: examples
Result: ERROR
    Running examples in 'psych-Ex.R' failed
    The error most likely occurred in:
    
    > ### Name: cluster.plot
    > ### Title: Plot factor/cluster loadings and assign items to clusters by
    > ### their highest loading.
    > ### Aliases: cluster.plot fa.plot factor.plot
    > ### Keywords: multivariate hplot cluster
    >
    > ### ** Examples
    >
    > circ.data <- circ.sim(24,500)
    > circ.fa <- fa(circ.data,2)
    > plot(circ.fa,cut=.5)
    Error in plot.new() : write failed
    Calls: plot ... plot.psych -> fa.plot -> plot -> plot.default -> plot.new
    Execution halted
    Error: internal read error in PDF_endpage
    Fatal error: error during cleanup
Flavor: r-devel-windows-ix86+x86_64

Version: 2.1.3
Check: PDF version of manual
Result: ERROR
    Rd conversion errors:
    Error in writeLines(x, con, useBytes = TRUE, ...) :
     Error writing to connection
Flavor: r-devel-windows-ix86+x86_64

Version: 2.1.3
Check: package dependencies
Result: NOTE
    Package suggested but not available for checking: 'Rgraphviz'
Flavor: r-devel-windows-x86_64-gcc10-UCRT