CRAN Package Check Results for Package psqn

Last updated on 2021-06-22 15:51:58 CEST.

Flavor Version Tinstall Tcheck Ttotal Status Flags
r-devel-linux-x86_64-debian-clang 0.2.1 59.96 103.81 163.77 OK
r-devel-linux-x86_64-debian-gcc 0.2.1 46.60 69.98 116.58 OK
r-devel-linux-x86_64-fedora-clang 0.2.1 221.06 NOTE
r-devel-linux-x86_64-fedora-gcc 0.2.1 201.65 OK
r-devel-windows-x86_64 0.2.1 71.00 114.00 185.00 OK
r-devel-windows-x86_64-gcc10-UCRT 0.2.1 OK
r-patched-linux-x86_64 0.2.1 55.27 90.90 146.17 OK
r-patched-solaris-x86 0.2.1 137.80 OK
r-release-linux-x86_64 0.2.1 46.96 87.54 134.50 OK
r-release-macos-arm64 0.2.1 NOTE
r-release-macos-x86_64 0.2.1 NOTE
r-release-windows-ix86+x86_64 0.2.1 135.00 149.00 284.00 OK
r-oldrel-macos-x86_64 0.2.1 NOTE

Check Details

Version: 0.2.1
Check: installed package size
Result: NOTE
     installed size is 9.3Mb
     sub-directories of 1Mb or more:
     libs 8.7Mb
Flavors: r-devel-linux-x86_64-fedora-clang, r-release-macos-arm64, r-release-macos-x86_64, r-oldrel-macos-x86_64