CRAN Package Check Results for Package psda

Last updated on 2021-12-09 07:50:21 CET.

Flavor Version Tinstall Tcheck Ttotal Status Flags
r-devel-linux-x86_64-debian-clang 1.4.0 3.62 52.11 55.73 OK
r-devel-linux-x86_64-debian-gcc 1.4.0 2.91 40.50 43.41 OK
r-devel-linux-x86_64-fedora-clang 1.4.0 70.13 NOTE
r-devel-linux-x86_64-fedora-gcc 1.4.0 57.42 NOTE
r-devel-windows-x86_64-new-UL 1.4.0 11.00 86.00 97.00 OK
r-devel-windows-x86_64-new-TK 1.4.0 NOTE
r-devel-windows-x86_64-old 1.4.0 6.00 55.00 61.00 OK
r-patched-linux-x86_64 1.4.0 3.82 46.73 50.55 OK
r-release-linux-x86_64 1.4.0 2.79 46.65 49.44 OK
r-release-macos-arm64 1.4.0 NOTE
r-release-macos-x86_64 1.4.0 NOTE
r-release-windows-ix86+x86_64 1.4.0 7.00 63.00 70.00 OK
r-oldrel-macos-x86_64 1.4.0 NOTE
r-oldrel-windows-ix86+x86_64 1.4.0 8.00 65.00 73.00 OK

Check Details

Version: 1.4.0
Check: dependencies in R code
Result: NOTE
    Namespace in Imports field not imported from: ‘raster’
     All declared Imports should be used.
Flavors: r-devel-linux-x86_64-fedora-clang, r-devel-linux-x86_64-fedora-gcc, r-devel-windows-x86_64-new-TK, r-release-macos-arm64, r-release-macos-x86_64, r-oldrel-macos-x86_64