CRAN Package Check Results for Package psd

Last updated on 2021-06-21 07:48:54 CEST.

Flavor Version Tinstall Tcheck Ttotal Status Flags
r-devel-linux-x86_64-debian-clang 2.1.0 45.85 94.78 140.63 OK
r-devel-linux-x86_64-debian-gcc 2.1.0 32.72 72.59 105.31 OK
r-devel-linux-x86_64-fedora-clang 2.1.0 190.77 OK
r-devel-linux-x86_64-fedora-gcc 2.1.0 172.22 OK
r-devel-windows-x86_64 2.1.0 56.00 236.00 292.00 OK
r-devel-windows-x86_64-gcc10-UCRT 2.1.0 OK
r-patched-linux-x86_64 2.1.0 43.10 91.53 134.63 OK
r-patched-solaris-x86 2.1.0 207.70 OK
r-release-linux-x86_64 2.1.0 36.69 90.49 127.18 OK
r-release-macos-arm64 2.1.0 NOTE
r-release-macos-x86_64 2.1.0 NOTE
r-release-windows-ix86+x86_64 2.1.0 105.00 323.00 428.00 OK
r-oldrel-macos-x86_64 2.1.0 NOTE

Check Details

Version: 2.1.0
Check: installed package size
Result: NOTE
     installed size is 5.9Mb
     sub-directories of 1Mb or more:
     doc 1.8Mb
     libs 3.4Mb
Flavors: r-release-macos-arm64, r-release-macos-x86_64, r-oldrel-macos-x86_64