CRAN Package Check Results for Package psborrow

Last updated on 2021-11-28 07:50:52 CET.

Flavor Version Tinstall Tcheck Ttotal Status Flags
r-devel-linux-x86_64-debian-clang 0.1.0 OK
r-devel-linux-x86_64-debian-gcc 0.1.0 9.61 436.08 445.69 OK
r-devel-linux-x86_64-fedora-clang 0.1.0 774.34 NOTE
r-devel-linux-x86_64-fedora-gcc 0.1.0 841.32 NOTE
r-devel-windows-x86_64-new-UL 0.1.0 24.00 703.00 727.00 OK
r-devel-windows-x86_64-new-TK 0.1.0 NOTE
r-devel-windows-x86_64-old 0.1.0 17.00 701.00 718.00 OK
r-patched-linux-x86_64 0.1.0 10.83 565.67 576.50 OK
r-patched-solaris-x86 0.1.0 184.50 NOTE
r-release-linux-x86_64 0.1.0 10.83 591.20 602.03 OK
r-release-macos-arm64 0.1.0 NOTE
r-release-macos-x86_64 0.1.0 NOTE
r-release-windows-ix86+x86_64 0.1.0 30.00 501.00 531.00 OK
r-oldrel-macos-x86_64 0.1.0 NOTE
r-oldrel-windows-ix86+x86_64 0.1.0 27.00 690.00 717.00 OK

Check Details

Version: 0.1.0
Check: dependencies in R code
Result: NOTE
    Namespaces in Imports field not imported from:
     ‘matrixcalc’ ‘tidyr’ ‘utils’
     All declared Imports should be used.
Flavors: r-devel-linux-x86_64-fedora-clang, r-devel-linux-x86_64-fedora-gcc, r-devel-windows-x86_64-new-TK, r-patched-solaris-x86, r-release-macos-arm64, r-release-macos-x86_64, r-oldrel-macos-x86_64