CRAN Package Check Results for Package psbcSpeedUp

Last updated on 2024-04-19 16:58:53 CEST.

Flavor Version Tinstall Tcheck Ttotal Status Flags
r-devel-linux-x86_64-debian-clang 2.0.6 108.87 141.63 250.50 OK
r-devel-linux-x86_64-debian-gcc 2.0.6 OK
r-devel-linux-x86_64-fedora-clang 2.0.6 350.29 OK
r-devel-linux-x86_64-fedora-gcc 2.0.6 357.89 OK
r-prerel-macos-arm64 2.0.6 88.00 NOTE
r-prerel-macos-x86_64 2.0.6 157.00 NOTE
r-prerel-windows-x86_64 2.0.6 91.00 133.00 224.00 OK
r-patched-linux-x86_64 2.0.6 108.60 128.96 237.56 OK
r-release-linux-x86_64 2.0.6 93.97 134.91 228.88 OK
r-release-macos-arm64 2.0.6 92.00 NOTE
r-release-macos-x86_64 2.0.6 154.00 NOTE
r-release-windows-x86_64 2.0.6 112.00 167.00 279.00 OK
r-oldrel-macos-arm64 2.0.6 74.00 NOTE
r-oldrel-windows-x86_64 2.0.6 104.00 167.00 271.00 OK

Check Details

Version: 2.0.6
Check: installed package size
Result: NOTE installed size is 6.1Mb sub-directories of 1Mb or more: libs 5.5Mb Flavors: r-prerel-macos-arm64, r-prerel-macos-x86_64, r-release-macos-arm64, r-release-macos-x86_64, r-oldrel-macos-arm64