Last updated on 2021-02-25 11:47:33 CET.
Flavor | Version | Tinstall | Tcheck | Ttotal | Status | Flags |
---|---|---|---|---|---|---|
r-devel-linux-x86_64-debian-clang | 0.4.0 | 7.21 | 59.94 | 67.15 | OK | |
r-devel-linux-x86_64-debian-gcc | 0.4.0 | 5.23 | 44.94 | 50.17 | OK | |
r-devel-linux-x86_64-fedora-clang | 0.4.0 | 86.81 | NOTE | |||
r-devel-linux-x86_64-fedora-gcc | 0.4.0 | 77.65 | NOTE | |||
r-devel-windows-ix86+x86_64 | 0.4.0 | 12.00 | 68.00 | 80.00 | OK | |
r-patched-linux-x86_64 | 0.4.0 | 6.96 | 55.64 | 62.60 | OK | |
r-patched-solaris-x86 | 0.4.0 | 121.00 | NOTE | |||
r-release-linux-x86_64 | 0.4.0 | 6.76 | 58.03 | 64.79 | OK | |
r-release-macos-x86_64 | 0.4.0 | NOTE | ||||
r-release-windows-ix86+x86_64 | 0.4.0 | 18.00 | 87.00 | 105.00 | OK | |
r-oldrel-macos-x86_64 | 0.4.0 | NOTE | ||||
r-oldrel-windows-ix86+x86_64 | 0.4.0 | 11.00 | 98.00 | 109.00 | OK |
Version: 0.4.0
Check: data for non-ASCII characters
Result: NOTE
Note: found 12717 marked UTF-8 strings
Flavors: r-devel-linux-x86_64-fedora-clang, r-devel-linux-x86_64-fedora-gcc, r-patched-solaris-x86, r-release-macos-x86_64, r-oldrel-macos-x86_64