CRAN Package Check Results for Package prophet

Last updated on 2024-07-16 00:56:08 CEST.

Flavor Version Tinstall Tcheck Ttotal Status Flags
r-devel-linux-x86_64-debian-clang 1.0 177.67 364.35 542.02 NOTE
r-devel-linux-x86_64-debian-gcc 1.0 147.77 280.05 427.82 NOTE
r-devel-linux-x86_64-fedora-clang 1.0 655.15 ERROR
r-devel-linux-x86_64-fedora-gcc 1.0 735.21 NOTE
r-devel-windows-x86_64 1.0 144.00 246.00 390.00 NOTE
r-patched-linux-x86_64 1.0 0.02 2.73 2.75 ERROR
r-release-linux-x86_64 1.0 127.88 374.37 502.25 NOTE
r-release-macos-arm64 1.0 160.00 NOTE
r-release-macos-x86_64 1.0 279.00 NOTE
r-release-windows-x86_64 1.0 142.00 245.00 387.00 NOTE
r-oldrel-macos-arm64 1.0 219.00 NOTE
r-oldrel-macos-x86_64 1.0 361.00 NOTE
r-oldrel-windows-x86_64 1.0 193.00 308.00 501.00 NOTE

Check Details

Version: 1.0
Check: for GNU extensions in Makefiles
Result: NOTE GNU make is a SystemRequirements. Flavors: r-devel-linux-x86_64-debian-clang, r-devel-linux-x86_64-debian-gcc, r-devel-linux-x86_64-fedora-clang, r-devel-linux-x86_64-fedora-gcc, r-devel-windows-x86_64, r-release-linux-x86_64, r-release-macos-arm64, r-release-macos-x86_64, r-release-windows-x86_64, r-oldrel-macos-arm64, r-oldrel-macos-x86_64, r-oldrel-windows-x86_64

Version: 1.0
Check: dependencies in R code
Result: NOTE Namespaces in Imports field not imported from: ‘StanHeaders’ ‘methods’ ‘rstantools’ All declared Imports should be used. Flavors: r-devel-linux-x86_64-fedora-clang, r-devel-linux-x86_64-fedora-gcc

Version: 1.0
Check: tests
Result: ERROR Running ‘testthat.R’ [311s/381s] Running the tests in ‘tests/testthat.R’ failed. Complete output: > # Copyright (c) Facebook, Inc. and its affiliates. > > # This source code is licensed under the MIT license found in the > # LICENSE file in the root directory of this source tree. > > Sys.setenv("R_TESTS" = "") > library(testthat) > library(prophet) Loading required package: Rcpp Loading required package: rlang Attaching package: 'rlang' The following objects are masked from 'package:testthat': is_false, is_null, is_true > > test_check("prophet") SAMPLING FOR MODEL 'prophet' NOW (CHAIN 1). Chain 1: Chain 1: Gradient evaluation took 0.000315 seconds Chain 1: 1000 transitions using 10 leapfrog steps per transition would take 3.15 seconds. Chain 1: Adjust your expectations accordingly! Chain 1: Chain 1: Chain 1: WARNING: There aren't enough warmup iterations to fit the Chain 1: three stages of adaptation as currently configured. Chain 1: Reducing each adaptation stage to 15%/75%/10% of Chain 1: the given number of warmup iterations: Chain 1: init_buffer = 7 Chain 1: adapt_window = 38 Chain 1: term_buffer = 5 Chain 1: Chain 1: Iteration: 1 / 100 [ 1%] (Warmup) Chain 1: Iteration: 10 / 100 [ 10%] (Warmup) Chain 1: Iteration: 20 / 100 [ 20%] (Warmup) Chain 1: Iteration: 30 / 100 [ 30%] (Warmup) Chain 1: Iteration: 40 / 100 [ 40%] (Warmup) Chain 1: Iteration: 50 / 100 [ 50%] (Warmup) Chain 1: Iteration: 51 / 100 [ 51%] (Sampling) Chain 1: Iteration: 60 / 100 [ 60%] (Sampling) Chain 1: Iteration: 70 / 100 [ 70%] (Sampling) Chain 1: Iteration: 80 / 100 [ 80%] (Sampling) Chain 1: Iteration: 90 / 100 [ 90%] (Sampling) Chain 1: Iteration: 100 / 100 [100%] (Sampling) Chain 1: Chain 1: Elapsed Time: 2.306 seconds (Warm-up) Chain 1: 2.192 seconds (Sampling) Chain 1: 4.498 seconds (Total) Chain 1: SAMPLING FOR MODEL 'prophet' NOW (CHAIN 2). Chain 2: Chain 2: Gradient evaluation took 0.000222 seconds Chain 2: 1000 transitions using 10 leapfrog steps per transition would take 2.22 seconds. Chain 2: Adjust your expectations accordingly! Chain 2: Chain 2: Chain 2: WARNING: There aren't enough warmup iterations to fit the Chain 2: three stages of adaptation as currently configured. Chain 2: Reducing each adaptation stage to 15%/75%/10% of Chain 2: the given number of warmup iterations: Chain 2: init_buffer = 7 Chain 2: adapt_window = 38 Chain 2: term_buffer = 5 Chain 2: Chain 2: Iteration: 1 / 100 [ 1%] (Warmup) Chain 2: Iteration: 10 / 100 [ 10%] (Warmup) Chain 2: Iteration: 20 / 100 [ 20%] (Warmup) Chain 2: Iteration: 30 / 100 [ 30%] (Warmup) Chain 2: Iteration: 40 / 100 [ 40%] (Warmup) Chain 2: Iteration: 50 / 100 [ 50%] (Warmup) Chain 2: Iteration: 51 / 100 [ 51%] (Sampling) Chain 2: Iteration: 60 / 100 [ 60%] (Sampling) Chain 2: Iteration: 70 / 100 [ 70%] (Sampling) Chain 2: Iteration: 80 / 100 [ 80%] (Sampling) Chain 2: Iteration: 90 / 100 [ 90%] (Sampling) Chain 2: Iteration: 100 / 100 [100%] (Sampling) Chain 2: Chain 2: Elapsed Time: 2.03 seconds (Warm-up) Chain 2: 3.245 seconds (Sampling) Chain 2: 5.275 seconds (Total) Chain 2: SAMPLING FOR MODEL 'prophet' NOW (CHAIN 3). Chain 3: Chain 3: Gradient evaluation took 0.000145 seconds Chain 3: 1000 transitions using 10 leapfrog steps per transition would take 1.45 seconds. Chain 3: Adjust your expectations accordingly! Chain 3: Chain 3: Chain 3: WARNING: There aren't enough warmup iterations to fit the Chain 3: three stages of adaptation as currently configured. Chain 3: Reducing each adaptation stage to 15%/75%/10% of Chain 3: the given number of warmup iterations: Chain 3: init_buffer = 7 Chain 3: adapt_window = 38 Chain 3: term_buffer = 5 Chain 3: Chain 3: Iteration: 1 / 100 [ 1%] (Warmup) Chain 3: Iteration: 10 / 100 [ 10%] (Warmup) Chain 3: Iteration: 20 / 100 [ 20%] (Warmup) Chain 3: Iteration: 30 / 100 [ 30%] (Warmup) Chain 3: Iteration: 40 / 100 [ 40%] (Warmup) Chain 3: Iteration: 50 / 100 [ 50%] (Warmup) Chain 3: Iteration: 51 / 100 [ 51%] (Sampling) Chain 3: Iteration: 60 / 100 [ 60%] (Sampling) Chain 3: Iteration: 70 / 100 [ 70%] (Sampling) Chain 3: Iteration: 80 / 100 [ 80%] (Sampling) Chain 3: Iteration: 90 / 100 [ 90%] (Sampling) Chain 3: Iteration: 100 / 100 [100%] (Sampling) Chain 3: Chain 3: Elapsed Time: 1.825 seconds (Warm-up) Chain 3: 2.672 seconds (Sampling) Chain 3: 4.497 seconds (Total) Chain 3: SAMPLING FOR MODEL 'prophet' NOW (CHAIN 4). Chain 4: Chain 4: Gradient evaluation took 0.00015 seconds Chain 4: 1000 transitions using 10 leapfrog steps per transition would take 1.5 seconds. Chain 4: Adjust your expectations accordingly! Chain 4: Chain 4: Chain 4: WARNING: There aren't enough warmup iterations to fit the Chain 4: three stages of adaptation as currently configured. Chain 4: Reducing each adaptation stage to 15%/75%/10% of Chain 4: the given number of warmup iterations: Chain 4: init_buffer = 7 Chain 4: adapt_window = 38 Chain 4: term_buffer = 5 Chain 4: Chain 4: Iteration: 1 / 100 [ 1%] (Warmup) Chain 4: Iteration: 10 / 100 [ 10%] (Warmup) Chain 4: Iteration: 20 / 100 [ 20%] (Warmup) Chain 4: Iteration: 30 / 100 [ 30%] (Warmup) Chain 4: Iteration: 40 / 100 [ 40%] (Warmup) Chain 4: Iteration: 50 / 100 [ 50%] (Warmup) Chain 4: Iteration: 51 / 100 [ 51%] (Sampling) Chain 4: Iteration: 60 / 100 [ 60%] (Sampling) Chain 4: Iteration: 70 / 100 [ 70%] (Sampling) Chain 4: Iteration: 80 / 100 [ 80%] (Sampling) Chain 4: Iteration: 90 / 100 [ 90%] (Sampling) Chain 4: Iteration: 100 / 100 [100%] (Sampling) Chain 4: Chain 4: Elapsed Time: 2.23 seconds (Warm-up) Chain 4: 3.637 seconds (Sampling) Chain 4: 5.867 seconds (Total) Chain 4: Error in file(fname, "rt") : cannot open the connection SAMPLING FOR MODEL 'prophet' NOW (CHAIN 1). Chain 1: Chain 1: Gradient evaluation took 0.000486 seconds Chain 1: 1000 transitions using 10 leapfrog steps per transition would take 4.86 seconds. Chain 1: Adjust your expectations accordingly! Chain 1: Chain 1: Chain 1: WARNING: There aren't enough warmup iterations to fit the Chain 1: three stages of adaptation as currently configured. Chain 1: Reducing each adaptation stage to 15%/75%/10% of Chain 1: the given number of warmup iterations: Chain 1: init_buffer = 7 Chain 1: adapt_window = 38 Chain 1: term_buffer = 5 Chain 1: Chain 1: Iteration: 1 / 100 [ 1%] (Warmup) Chain 1: Iteration: 10 / 100 [ 10%] (Warmup) Chain 1: Iteration: 20 / 100 [ 20%] (Warmup) Chain 1: Iteration: 30 / 100 [ 30%] (Warmup) Chain 1: Iteration: 40 / 100 [ 40%] (Warmup) Chain 1: Iteration: 50 / 100 [ 50%] (Warmup) Chain 1: Iteration: 51 / 100 [ 51%] (Sampling) Chain 1: Iteration: 60 / 100 [ 60%] (Sampling) Chain 1: Iteration: 70 / 100 [ 70%] (Sampling) Chain 1: Iteration: 80 / 100 [ 80%] (Sampling) Chain 1: Iteration: 90 / 100 [ 90%] (Sampling) Chain 1: Iteration: 100 / 100 [100%] (Sampling) Chain 1: Chain 1: Elapsed Time: 9.717 seconds (Warm-up) Chain 1: 16.619 seconds (Sampling) Chain 1: 26.336 seconds (Total) Chain 1: SAMPLING FOR MODEL 'prophet' NOW (CHAIN 2). Chain 2: Chain 2: Gradient evaluation took 0.000404 seconds Chain 2: 1000 transitions using 10 leapfrog steps per transition would take 4.04 seconds. Chain 2: Adjust your expectations accordingly! Chain 2: Chain 2: Chain 2: WARNING: There aren't enough warmup iterations to fit the Chain 2: three stages of adaptation as currently configured. Chain 2: Reducing each adaptation stage to 15%/75%/10% of Chain 2: the given number of warmup iterations: Chain 2: init_buffer = 7 Chain 2: adapt_window = 38 Chain 2: term_buffer = 5 Chain 2: Chain 2: Iteration: 1 / 100 [ 1%] (Warmup) Chain 2: Iteration: 10 / 100 [ 10%] (Warmup) Chain 2: Iteration: 20 / 100 [ 20%] (Warmup) Chain 2: Iteration: 30 / 100 [ 30%] (Warmup) Chain 2: Iteration: 40 / 100 [ 40%] (Warmup) Chain 2: Iteration: 50 / 100 [ 50%] (Warmup) Chain 2: Iteration: 51 / 100 [ 51%] (Sampling) Chain 2: Iteration: 60 / 100 [ 60%] (Sampling) Chain 2: Iteration: 70 / 100 [ 70%] (Sampling) Chain 2: Iteration: 80 / 100 [ 80%] (Sampling) Chain 2: Iteration: 90 / 100 [ 90%] (Sampling) Chain 2: Iteration: 100 / 100 [100%] (Sampling) Chain 2: Chain 2: Elapsed Time: 12.787 seconds (Warm-up) Chain 2: 17.529 seconds (Sampling) Chain 2: 30.316 seconds (Total) Chain 2: SAMPLING FOR MODEL 'prophet' NOW (CHAIN 3). Chain 3: Chain 3: Gradient evaluation took 0.000328 seconds Chain 3: 1000 transitions using 10 leapfrog steps per transition would take 3.28 seconds. Chain 3: Adjust your expectations accordingly! Chain 3: Chain 3: Chain 3: WARNING: There aren't enough warmup iterations to fit the Chain 3: three stages of adaptation as currently configured. Chain 3: Reducing each adaptation stage to 15%/75%/10% of Chain 3: the given number of warmup iterations: Chain 3: init_buffer = 7 Chain 3: adapt_window = 38 Chain 3: term_buffer = 5 Chain 3: Chain 3: Iteration: 1 / 100 [ 1%] (Warmup) Chain 3: Iteration: 10 / 100 [ 10%] (Warmup) Chain 3: Iteration: 20 / 100 [ 20%] (Warmup) Chain 3: Iteration: 30 / 100 [ 30%] (Warmup) Chain 3: Iteration: 40 / 100 [ 40%] (Warmup) Chain 3: Iteration: 50 / 100 [ 50%] (Warmup) Chain 3: Iteration: 51 / 100 [ 51%] (Sampling) Chain 3: Iteration: 60 / 100 [ 60%] (Sampling) Chain 3: Iteration: 70 / 100 [ 70%] (Sampling) Chain 3: Iteration: 80 / 100 [ 80%] (Sampling) Chain 3: Iteration: 90 / 100 [ 90%] (Sampling) Chain 3: Iteration: 100 / 100 [100%] (Sampling) Chain 3: Chain 3: Elapsed Time: 11.571 seconds (Warm-up) Chain 3: 14.557 seconds (Sampling) Chain 3: 26.128 seconds (Total) Chain 3: SAMPLING FOR MODEL 'prophet' NOW (CHAIN 4). Chain 4: Chain 4: Gradient evaluation took 0.00034 seconds Chain 4: 1000 transitions using 10 leapfrog steps per transition would take 3.4 seconds. Chain 4: Adjust your expectations accordingly! Chain 4: Chain 4: Chain 4: WARNING: There aren't enough warmup iterations to fit the Chain 4: three stages of adaptation as currently configured. Chain 4: Reducing each adaptation stage to 15%/75%/10% of Chain 4: the given number of warmup iterations: Chain 4: init_buffer = 7 Chain 4: adapt_window = 38 Chain 4: term_buffer = 5 Chain 4: Chain 4: Iteration: 1 / 100 [ 1%] (Warmup) Chain 4: Iteration: 10 / 100 [ 10%] (Warmup) Chain 4: Iteration: 20 / 100 [ 20%] (Warmup) Chain 4: Iteration: 30 / 100 [ 30%] (Warmup) Chain 4: Iteration: 40 / 100 [ 40%] (Warmup) Chain 4: Iteration: 50 / 100 [ 50%] (Warmup) Chain 4: Iteration: 51 / 100 [ 51%] (Sampling) Chain 4: Iteration: 60 / 100 [ 60%] (Sampling) Chain 4: Iteration: 70 / 100 [ 70%] (Sampling) Chain 4: Iteration: 80 / 100 [ 80%] (Sampling) Chain 4: Iteration: 90 / 100 [ 90%] (Sampling) Chain 4: Iteration: 100 / 100 [100%] (Sampling) Chain 4: Chain 4: Elapsed Time: 9.817 seconds (Warm-up) Chain 4: 13.276 seconds (Sampling) Chain 4: 23.093 seconds (Total) Chain 4: [ FAIL 1 | WARN 2 | SKIP 0 | PASS 374 ] ══ Failed tests ════════════════════════════════════════════════════════════════ ── Failure ('test_utilities.R:46:3'): regressor_coefficients_with_uncertainty ── all(coefs[, "coef_lower"] < coefs[, "coef"]) is not TRUE `actual`: FALSE `expected`: TRUE [ FAIL 1 | WARN 2 | SKIP 0 | PASS 374 ] Error: Test failures Execution halted Flavor: r-devel-linux-x86_64-fedora-clang

Version: 1.0
Check: whether package can be installed
Result: ERROR Installation failed. Flavor: r-patched-linux-x86_64

Version: 1.0
Check: installed package size
Result: NOTE installed size is 49.4Mb sub-directories of 1Mb or more: libs 48.7Mb Flavors: r-release-macos-arm64, r-release-macos-x86_64, r-oldrel-macos-arm64, r-oldrel-macos-x86_64