CRAN Package Check Results for Package proj4

Last updated on 2021-07-25 19:51:42 CEST.

Flavor Version Tinstall Tcheck Ttotal Status Flags
r-devel-linux-x86_64-debian-clang 1.0-10.1 5.54 22.94 28.48 OK
r-devel-linux-x86_64-debian-gcc 1.0-10.1 3.48 17.98 21.46 OK
r-devel-linux-x86_64-fedora-clang 1.0-10.1 43.15 NOTE
r-devel-windows-x86_64 1.0-10.1 4.00 34.00 38.00 OK
r-devel-windows-x86_64-gcc10-UCRT 1.0-10.1 OK
r-patched-linux-x86_64 1.0-10.1 4.14 22.16 26.30 OK
r-patched-solaris-x86 1.0-10.1 48.10 OK
r-release-linux-x86_64 1.0-10.1 4.33 22.15 26.48 OK
r-release-macos-arm64 1.0-10.1 ERROR
r-release-macos-x86_64 1.0-10.1 ERROR
r-release-windows-ix86+x86_64 1.0-10.1 6.00 32.00 38.00 OK
r-oldrel-macos-x86_64 1.0-10.1 NOTE
r-oldrel-windows-ix86+x86_64 1.0-10.1 8.00 41.00 49.00 OK

Check Details

Version: 1.0-10.1
Check: compiled code
Result: NOTE
    File ‘proj4/libs/proj4.so’:
     Found no calls to: ‘R_registerRoutines’, ‘R_useDynamicSymbols’
    
    It is good practice to register native routines and to disable symbol
    search.
    
    See ‘Writing portable packages’ in the ‘Writing R Extensions’ manual.
Flavor: r-devel-linux-x86_64-fedora-clang

Version: 1.0-10.1
Check: whether package can be installed
Result: ERROR
    Installation failed.
Flavors: r-release-macos-arm64, r-release-macos-x86_64

Version: 1.0-10.1
Check: installed package size
Result: NOTE
     installed size is 46.1Mb
     sub-directories of 1Mb or more:
     libs 46.0Mb
Flavor: r-oldrel-macos-x86_64