CRAN Package Check Results for Package prismadiagramR

Last updated on 2021-06-13 03:48:18 CEST.

Flavor Version Tinstall Tcheck Ttotal Status Flags
r-devel-linux-x86_64-debian-clang 1.0.0 4.44 53.16 57.60 OK
r-devel-linux-x86_64-debian-gcc 1.0.0 3.69 39.66 43.35 OK
r-devel-linux-x86_64-fedora-clang 1.0.0 75.32 OK
r-devel-linux-x86_64-fedora-gcc 1.0.0 66.93 OK
r-devel-windows-x86_64 1.0.0 10.00 75.00 85.00 OK
r-devel-windows-x86_64-gcc10-UCRT 1.0.0 OK
r-patched-linux-x86_64 1.0.0 4.73 48.91 53.64 OK
r-patched-solaris-x86 1.0.0 96.50 WARN
r-release-linux-x86_64 1.0.0 3.53 49.46 52.99 OK
r-release-macos-arm64 1.0.0 WARN
r-release-macos-x86_64 1.0.0 WARN
r-release-windows-ix86+x86_64 1.0.0 13.00 70.00 83.00 OK
r-oldrel-macos-x86_64 1.0.0 WARN
r-oldrel-windows-ix86+x86_64 1.0.0 15.00 78.00 93.00 OK

Check Details

Version: 1.0.0
Check: re-building of vignette outputs
Result: WARN
    Error(s) in re-building vignettes:
     ...
    --- re-building ‘PRISMA.Rmd’ using rmarkdown
    Warning in engine$weave(file, quiet = quiet, encoding = enc) :
     Pandoc (>= 1.12.3) not available. Falling back to R Markdown v1.
    Warning in getPrisma(studyStatus) :
     prismaFormat is null so attempting to make automatic one from studyStatus
    Warning in getFormatNode(prismaFormat) :
     fontSize param not passed in prismaFormat
    Quitting from lines 43-52 (PRISMA.Rmd)
    Error: processing vignette 'PRISMA.Rmd' failed with diagnostics:
    there is no package called 'webshot'
    --- failed re-building ‘PRISMA.Rmd’
    
    SUMMARY: processing the following file failed:
     ‘PRISMA.Rmd’
    
    Error: Vignette re-building failed.
    Execution halted
Flavor: r-patched-solaris-x86

Version: 1.0.0
Check: re-building of vignette outputs
Result: WARN
    Error(s) in re-building vignettes:
     ...
    --- re-building ‘PRISMA.Rmd’ using rmarkdown
    Warning in engine$weave(file, quiet = quiet, encoding = enc) :
     Pandoc (>= 1.12.3) not available. Falling back to R Markdown v1.
    Warning in getPrisma(studyStatus) :
     prismaFormat is null so attempting to make automatic one from studyStatus
    Warning in getFormatNode(prismaFormat) :
     fontSize param not passed in prismaFormat
    Quitting from lines 43-52 (PRISMA.Rmd)
    Error: processing vignette 'PRISMA.Rmd' failed with diagnostics:
    invalid 'path' argument
    --- failed re-building ‘PRISMA.Rmd’
    
    SUMMARY: processing the following file failed:
     ‘PRISMA.Rmd’
    
    Error: Vignette re-building failed.
    Execution halted
Flavors: r-release-macos-arm64, r-release-macos-x86_64

Version: 1.0.0
Check: re-building of vignette outputs
Result: WARN
    Error(s) in re-building vignettes:
     ...
    --- re-building ‘PRISMA.Rmd’ using rmarkdown
    Warning in engine$weave(file, quiet = quiet, encoding = enc) :
     Pandoc (>= 1.12.3) and/or pandoc-citeproc not available. Falling back to R Markdown v1.
    Warning in getPrisma(studyStatus) :
     prismaFormat is null so attempting to make automatic one from studyStatus
    Warning in getFormatNode(prismaFormat) :
     fontSize param not passed in prismaFormat
    Warning in normalizePath(f2) :
     path[1]="webshot26ff63ed64f9.png": No such file or directory
    Warning in file(con, "rb") :
     cannot open file 'webshot26ff63ed64f9.png': No such file or directory
    Quitting from lines 43-52 (PRISMA.Rmd)
    Error: processing vignette 'PRISMA.Rmd' failed with diagnostics:
    cannot open the connection
    --- failed re-building ‘PRISMA.Rmd’
    
    SUMMARY: processing the following file failed:
     ‘PRISMA.Rmd’
    
    Error: Vignette re-building failed.
    Execution halted
Flavor: r-oldrel-macos-x86_64