CRAN Package Check Results for Package prioriactions

Last updated on 2022-12-04 23:53:41 CET.

Flavor Version Tinstall Tcheck Ttotal Status Flags
r-devel-linux-x86_64-debian-clang 0.4.1 255.44 110.20 365.64 NOTE
r-devel-linux-x86_64-debian-gcc 0.4.1 208.29 84.69 292.98 NOTE
r-devel-linux-x86_64-fedora-clang 0.4.1 602.09 NOTE
r-devel-linux-x86_64-fedora-gcc 0.4.1 534.52 NOTE
r-devel-windows-x86_64 0.4.1 323.00 164.00 487.00 NOTE
r-patched-linux-x86_64 0.4.1 198.10 105.14 303.24 NOTE
r-release-linux-x86_64 0.4.1 205.09 103.21 308.30 NOTE
r-release-macos-arm64 0.4.1 103.00 NOTE
r-release-macos-x86_64 0.4.1 153.00 NOTE
r-release-windows-x86_64 0.4.1 313.00 181.00 494.00 NOTE
r-oldrel-macos-arm64 0.4.1 96.00 NOTE
r-oldrel-macos-x86_64 0.4.1 154.00 NOTE
r-oldrel-windows-ix86+x86_64 0.4.1 723.00 189.00 912.00 NOTE

Check Details

Version: 0.4.1
Check: package dependencies
Result: NOTE
    Package suggested but not available for checking: 'gurobi'
Flavors: r-devel-linux-x86_64-debian-clang, r-devel-linux-x86_64-debian-gcc, r-patched-linux-x86_64, r-release-linux-x86_64

Version: 0.4.1
Check: package dependencies
Result: NOTE
    Packages suggested but not available for checking: 'gurobi', 'Rcplex'
Flavors: r-devel-linux-x86_64-fedora-clang, r-devel-linux-x86_64-fedora-gcc, r-devel-windows-x86_64, r-release-macos-arm64, r-release-macos-x86_64, r-release-windows-x86_64, r-oldrel-macos-arm64, r-oldrel-macos-x86_64, r-oldrel-windows-ix86+x86_64

Version: 0.4.1
Check: installed package size
Result: NOTE
     installed size is 5.7Mb
     sub-directories of 1Mb or more:
     doc 3.3Mb
     libs 1.3Mb
Flavors: r-devel-windows-x86_64, r-release-macos-arm64, r-release-macos-x86_64, r-release-windows-x86_64, r-oldrel-macos-arm64, r-oldrel-macos-x86_64, r-oldrel-windows-ix86+x86_64