CRAN Package Check Results for Package prioriactions

Last updated on 2023-12-04 07:51:13 CET.

Flavor Version Tinstall Tcheck Ttotal Status Flags
r-devel-linux-x86_64-debian-clang 0.5.0 287.32 113.14 400.46 NOTE
r-devel-linux-x86_64-debian-gcc 0.5.0 192.55 87.98 280.53 NOTE
r-devel-linux-x86_64-fedora-clang 0.5.0 601.04 NOTE
r-devel-linux-x86_64-fedora-gcc 0.5.0 607.76 NOTE
r-devel-windows-x86_64 0.5.0 252.00 122.00 374.00 NOTE
r-patched-linux-x86_64 0.5.0 183.49 112.37 295.86 NOTE
r-release-linux-x86_64 0.5.0 181.55 110.04 291.59 NOTE
r-release-macos-arm64 0.5.0 123.00 NOTE
r-release-macos-x86_64 0.5.0 170.00 NOTE
r-release-windows-x86_64 0.5.0 331.00 145.00 476.00 NOTE
r-oldrel-macos-arm64 0.5.0 105.00 NOTE
r-oldrel-macos-x86_64 0.5.0 173.00 NOTE
r-oldrel-windows-x86_64 0.5.0 314.00 141.00 455.00 NOTE

Check Details

Version: 0.5.0
Check: package dependencies
Result: NOTE Packages suggested but not available for checking: 'gurobi', 'rcbc' Flavors: r-devel-linux-x86_64-debian-clang, r-devel-linux-x86_64-debian-gcc, r-patched-linux-x86_64, r-release-linux-x86_64

Version: 0.5.0
Check: package dependencies
Result: NOTE Packages suggested but not available for checking: 'gurobi', 'Rcplex', 'rcbc' Flavors: r-devel-linux-x86_64-fedora-clang, r-devel-linux-x86_64-fedora-gcc, r-devel-windows-x86_64, r-release-macos-arm64, r-release-macos-x86_64, r-release-windows-x86_64, r-oldrel-macos-arm64, r-oldrel-macos-x86_64, r-oldrel-windows-x86_64

Version: 0.5.0
Check: installed package size
Result: NOTE installed size is 5.4Mb sub-directories of 1Mb or more: doc 3.6Mb Flavors: r-devel-linux-x86_64-fedora-clang, r-devel-windows-x86_64, r-release-macos-arm64, r-release-macos-x86_64, r-release-windows-x86_64, r-oldrel-macos-arm64, r-oldrel-macos-x86_64, r-oldrel-windows-x86_64