CRAN Package Check Results for Package pricesensitivitymeter

Last updated on 2021-06-13 03:48:18 CEST.

Flavor Version Tinstall Tcheck Ttotal Status Flags
r-devel-linux-x86_64-debian-clang 1.2.1 9.40 101.06 110.46 NOTE
r-devel-linux-x86_64-debian-gcc 1.2.1 6.80 75.66 82.46 NOTE
r-devel-linux-x86_64-fedora-clang 1.2.1 139.06 NOTE
r-devel-linux-x86_64-fedora-gcc 1.2.1 130.49 NOTE
r-devel-windows-x86_64 1.2.1 15.00 123.00 138.00 NOTE
r-devel-windows-x86_64-gcc10-UCRT 1.2.1 NOTE
r-patched-linux-x86_64 1.2.1 12.37 96.35 108.72 NOTE
r-patched-solaris-x86 1.2.1 188.40 NOTE
r-release-linux-x86_64 1.2.1 9.72 95.56 105.28 NOTE
r-release-macos-arm64 1.2.1 NOTE
r-release-macos-x86_64 1.2.1 NOTE
r-release-windows-ix86+x86_64 1.2.1 37.00 120.00 157.00 NOTE
r-oldrel-macos-x86_64 1.2.1 OK
r-oldrel-windows-ix86+x86_64 1.2.1 37.00 124.00 161.00 OK

Check Details

Version: 1.2.1
Check: LazyData
Result: NOTE
     'LazyData' is specified without a 'data' directory
Flavors: r-devel-linux-x86_64-debian-clang, r-devel-linux-x86_64-debian-gcc, r-devel-linux-x86_64-fedora-clang, r-devel-linux-x86_64-fedora-gcc, r-devel-windows-x86_64, r-devel-windows-x86_64-gcc10-UCRT, r-patched-linux-x86_64, r-patched-solaris-x86, r-release-linux-x86_64, r-release-macos-arm64, r-release-macos-x86_64, r-release-windows-ix86+x86_64