Last updated on 2021-03-05 23:48:51 CET.
Flavor | Version | Tinstall | Tcheck | Ttotal | Status | Flags |
---|---|---|---|---|---|---|
r-devel-linux-x86_64-debian-clang | 0.1.5 | 4.77 | 48.72 | 53.49 | OK | |
r-devel-linux-x86_64-debian-gcc | 0.1.5 | 4.06 | 37.58 | 41.64 | OK | |
r-devel-linux-x86_64-fedora-clang | 0.1.5 | 75.62 | NOTE | |||
r-devel-linux-x86_64-fedora-gcc | 0.1.5 | 62.84 | NOTE | |||
r-devel-windows-ix86+x86_64 | 0.1.5 | 11.00 | 63.00 | 74.00 | OK | |
r-patched-linux-x86_64 | 0.1.5 | OK | ||||
r-patched-solaris-x86 | 0.1.5 | 89.10 | NOTE | |||
r-release-linux-x86_64 | 0.1.5 | 4.38 | 45.99 | 50.37 | OK | |
r-release-macos-x86_64 | 0.1.5 | NOTE | ||||
r-release-windows-ix86+x86_64 | 0.1.5 | 9.00 | 56.00 | 65.00 | OK | |
r-oldrel-macos-x86_64 | 0.1.5 | NOTE | ||||
r-oldrel-windows-ix86+x86_64 | 0.1.5 | 7.00 | 59.00 | 66.00 | OK |
Version: 0.1.5
Check: dependencies in R code
Result: NOTE
Namespaces in Imports field not imported from:
‘curl’ ‘lubridate’
All declared Imports should be used.
Flavors: r-devel-linux-x86_64-fedora-clang, r-devel-linux-x86_64-fedora-gcc, r-patched-solaris-x86, r-release-macos-x86_64, r-oldrel-macos-x86_64