CRAN Package Check Results for Package prettycode

Last updated on 2024-05-28 05:03:15 CEST.

Flavor Version Tinstall Tcheck Ttotal Status Flags
r-devel-linux-x86_64-debian-clang 1.1.0 2.88 27.28 30.16 NOTE
r-devel-linux-x86_64-debian-gcc 1.1.0 2.10 20.90 23.00 NOTE
r-devel-linux-x86_64-fedora-clang 1.1.0 38.10 NOTE
r-devel-linux-x86_64-fedora-gcc 1.1.0 34.93 NOTE
r-devel-windows-x86_64 1.1.0 3.00 44.00 47.00 NOTE
r-patched-linux-x86_64 1.1.0 2.63 26.44 29.07 NOTE
r-release-linux-x86_64 1.1.0 2.67 26.04 28.71 NOTE
r-release-macos-arm64 1.1.0 15.00 NOTE
r-release-windows-x86_64 1.1.0 4.00 43.00 47.00 NOTE
r-oldrel-macos-arm64 1.1.0 17.00 NOTE
r-oldrel-macos-x86_64 1.1.0 22.00 NOTE
r-oldrel-windows-x86_64 1.1.0 4.00 43.00 47.00 NOTE

Check Details

Version: 1.1.0
Check: LazyData
Result: NOTE 'LazyData' is specified without a 'data' directory Flavors: r-devel-linux-x86_64-debian-clang, r-devel-linux-x86_64-debian-gcc, r-devel-linux-x86_64-fedora-clang, r-devel-linux-x86_64-fedora-gcc, r-devel-windows-x86_64, r-patched-linux-x86_64, r-release-linux-x86_64, r-release-macos-arm64, r-release-windows-x86_64, r-oldrel-macos-arm64, r-oldrel-macos-x86_64, r-oldrel-windows-x86_64