Last updated on 2021-03-07 19:49:04 CET.
Flavor | Version | Tinstall | Tcheck | Ttotal | Status | Flags |
---|---|---|---|---|---|---|
r-devel-linux-x86_64-debian-clang | 1.2.1 | 11.87 | 37.15 | 49.02 | OK | |
r-devel-linux-x86_64-debian-gcc | 1.2.1 | 11.26 | 29.05 | 40.31 | OK | |
r-devel-linux-x86_64-fedora-clang | 1.2.1 | 69.91 | NOTE | |||
r-devel-linux-x86_64-fedora-gcc | 1.2.1 | 60.19 | NOTE | |||
r-devel-windows-ix86+x86_64 | 1.2.1 | 17.00 | 39.00 | 56.00 | OK | |
r-devel-windows-x86_64-gcc10-UCRT | 1.2.1 | NOTE | ||||
r-patched-linux-x86_64 | 1.2.1 | 14.11 | 34.42 | 48.53 | OK | |
r-patched-solaris-x86 | 1.2.1 | 101.00 | NOTE | |||
r-release-linux-x86_64 | 1.2.1 | 11.65 | 35.13 | 46.78 | OK | |
r-release-macos-x86_64 | 1.2.1 | NOTE | ||||
r-release-windows-ix86+x86_64 | 1.2.1 | 17.00 | 41.00 | 58.00 | OK | |
r-oldrel-macos-x86_64 | 1.2.1 | NOTE | ||||
r-oldrel-windows-ix86+x86_64 | 1.2.1 | 15.00 | 39.00 | 54.00 | OK |
Version: 1.2.1
Check: dependencies in R code
Result: NOTE
Namespaces in Imports field not imported from:
‘here’ ‘tidyr’
All declared Imports should be used.
Flavors: r-devel-linux-x86_64-fedora-clang, r-devel-linux-x86_64-fedora-gcc, r-devel-windows-x86_64-gcc10-UCRT, r-patched-solaris-x86, r-release-macos-x86_64, r-oldrel-macos-x86_64