CRAN Package Check Results for Package prcr

Last updated on 2024-12-21 03:50:46 CET.

Flavor Version Tinstall Tcheck Ttotal Status Flags
r-devel-linux-x86_64-debian-clang 0.2.1 4.25 47.09 51.34 OK
r-devel-linux-x86_64-debian-gcc 0.2.1 3.59 36.09 39.68 OK
r-devel-linux-x86_64-fedora-clang 0.2.1 88.05 NOTE
r-devel-linux-x86_64-fedora-gcc 0.2.1 99.01 NOTE
r-devel-windows-x86_64 0.2.1 8.00 67.00 75.00 OK
r-patched-linux-x86_64 0.2.1 4.84 47.47 52.31 OK
r-release-linux-x86_64 0.2.1 4.66 47.92 52.58 OK
r-release-macos-arm64 0.2.1 34.00 OK
r-release-macos-x86_64 0.2.1 48.00 OK
r-release-windows-x86_64 0.2.1 8.00 67.00 75.00 OK
r-oldrel-macos-arm64 0.2.1 35.00 OK
r-oldrel-macos-x86_64 0.2.1 47.00 OK
r-oldrel-windows-x86_64 0.2.1 8.00 76.00 84.00 OK

Check Details

Version: 0.2.1
Check: dependencies in R code
Result: NOTE Namespaces in Imports field not imported from: ‘class’ ‘forcats’ ‘irr’ ‘lpSolve’ ‘purrr’ All declared Imports should be used. Flavors: r-devel-linux-x86_64-fedora-clang, r-devel-linux-x86_64-fedora-gcc