CRAN Package Check Results for Package prcr

Last updated on 2021-02-25 15:47:33 CET.

Flavor Version Tinstall Tcheck Ttotal Status Flags
r-devel-linux-x86_64-debian-clang 0.2.1 4.77 56.56 61.33 OK
r-devel-linux-x86_64-debian-gcc 0.2.1 3.83 43.48 47.31 OK
r-devel-linux-x86_64-fedora-clang 0.2.1 79.34 NOTE
r-devel-linux-x86_64-fedora-gcc 0.2.1 70.03 NOTE
r-devel-windows-ix86+x86_64 0.2.1 10.00 60.00 70.00 OK
r-patched-linux-x86_64 0.2.1 5.07 52.78 57.85 OK
r-patched-solaris-x86 0.2.1 110.30 NOTE
r-release-linux-x86_64 0.2.1 5.26 53.37 58.63 OK
r-release-macos-x86_64 0.2.1 NOTE
r-release-windows-ix86+x86_64 0.2.1 14.00 66.00 80.00 OK
r-oldrel-macos-x86_64 0.2.1 NOTE
r-oldrel-windows-ix86+x86_64 0.2.1 8.00 76.00 84.00 OK

Check Details

Version: 0.2.1
Check: dependencies in R code
Result: NOTE
    Namespaces in Imports field not imported from:
     ‘class’ ‘forcats’ ‘irr’ ‘lpSolve’ ‘purrr’
     All declared Imports should be used.
Flavors: r-devel-linux-x86_64-fedora-clang, r-devel-linux-x86_64-fedora-gcc, r-patched-solaris-x86, r-release-macos-x86_64, r-oldrel-macos-x86_64